CRAN Package Check Results for Package seaaroundus

Last updated on 2019-09-16 20:47:58 CEST.

Flavor Version Tinstall Tcheck Ttotal Status Flags
r-devel-linux-x86_64-debian-clang 1.2.0 4.31 40.61 44.92 OK
r-devel-linux-x86_64-debian-gcc 1.2.0 3.71 32.09 35.80 OK
r-devel-linux-x86_64-fedora-clang 1.2.0 55.60 NOTE
r-devel-linux-x86_64-fedora-gcc 1.2.0 53.79 NOTE
r-devel-windows-ix86+x86_64 1.2.0 28.00 66.00 94.00 OK
r-patched-linux-x86_64 1.2.0 4.49 40.12 44.61 OK
r-patched-solaris-x86 1.2.0 81.00 NOTE
r-release-linux-x86_64 1.2.0 4.62 42.23 46.85 OK
r-release-windows-ix86+x86_64 1.2.0 15.00 90.00 105.00 OK
r-release-osx-x86_64 1.2.0 NOTE
r-oldrel-windows-ix86+x86_64 1.2.0 12.00 66.00 78.00 OK
r-oldrel-osx-x86_64 1.2.0 NOTE

Check Details

Version: 1.2.0
Check: dependencies in R code
Result: NOTE
    Namespace in Imports field not imported from: ‘rgdal’
     All declared Imports should be used.
Flavors: r-devel-linux-x86_64-fedora-clang, r-devel-linux-x86_64-fedora-gcc, r-patched-solaris-x86, r-release-osx-x86_64, r-oldrel-osx-x86_64