CRAN Package Check Results for Package secr

Last updated on 2022-10-05 21:53:46 CEST.

Flavor Version Tinstall Tcheck Ttotal Status Flags
r-devel-linux-x86_64-debian-clang 4.5.6 413.73 628.53 1042.26 NOTE
r-devel-linux-x86_64-debian-gcc 4.5.6 328.37 460.31 788.68 NOTE
r-devel-linux-x86_64-fedora-clang 4.5.6 1406.14 NOTE
r-devel-linux-x86_64-fedora-gcc 4.5.6 1301.00 NOTE
r-devel-windows-x86_64 4.5.6 410.00 773.00 1183.00 NOTE
r-patched-linux-x86_64 4.5.6 369.03 601.20 970.23 NOTE
r-release-linux-x86_64 4.5.6 352.92 613.75 966.67 NOTE
r-release-macos-arm64 4.5.6 290.00 NOTE
r-release-macos-x86_64 4.5.6 400.00 NOTE
r-release-windows-x86_64 4.5.6 403.00 780.00 1183.00 NOTE
r-oldrel-macos-arm64 4.5.6 250.00 NOTE
r-oldrel-macos-x86_64 4.5.6 403.00 NOTE
r-oldrel-windows-ix86+x86_64 4.5.6 1008.00 1029.00 2037.00 NOTE

Check Details

Version: 4.5.6
Check: for GNU extensions in Makefiles
Result: NOTE
    GNU make is a SystemRequirements.
Flavors: r-devel-linux-x86_64-debian-clang, r-devel-linux-x86_64-debian-gcc, r-devel-linux-x86_64-fedora-clang, r-devel-linux-x86_64-fedora-gcc, r-devel-windows-x86_64, r-patched-linux-x86_64, r-release-linux-x86_64, r-release-macos-arm64, r-release-macos-x86_64, r-release-windows-x86_64, r-oldrel-macos-arm64, r-oldrel-macos-x86_64, r-oldrel-windows-ix86+x86_64

Version: 4.5.6
Check: installed package size
Result: NOTE
     installed size is 5.2Mb
     sub-directories of 1Mb or more:
     R 1.5Mb
     libs 2.0Mb
Flavors: r-devel-windows-x86_64, r-release-macos-arm64, r-release-macos-x86_64, r-release-windows-x86_64, r-oldrel-macos-arm64, r-oldrel-macos-x86_64, r-oldrel-windows-ix86+x86_64