CRAN Package Check Results for Package secr

Last updated on 2019-09-23 16:47:55 CEST.

Flavor Version Tinstall Tcheck Ttotal Status Flags
r-devel-linux-x86_64-debian-clang 3.2.1 76.39 295.05 371.44 NOTE
r-devel-linux-x86_64-debian-gcc 3.2.1 63.06 225.69 288.75 NOTE
r-devel-linux-x86_64-fedora-clang 3.2.1 469.32 NOTE
r-devel-linux-x86_64-fedora-gcc 3.2.1 454.77 NOTE
r-devel-windows-ix86+x86_64 3.2.1 159.00 579.00 738.00 OK
r-patched-linux-x86_64 3.2.1 74.13 290.31 364.44 OK
r-patched-solaris-x86 3.2.1 865.10 OK
r-release-linux-x86_64 3.2.1 70.23 291.33 361.56 OK
r-release-windows-ix86+x86_64 3.2.1 161.00 606.00 767.00 OK
r-release-osx-x86_64 3.2.1 OK
r-oldrel-windows-ix86+x86_64 3.2.1 103.00 377.00 480.00 OK
r-oldrel-osx-x86_64 3.2.1 OK

Check Details

Version: 3.2.1
Check: for non-standard things in the check directory
Result: NOTE
    Found the following files/directories:
     'ovenCHcapt.txt' 'ovenCHtrap.txt'
Flavors: r-devel-linux-x86_64-debian-clang, r-devel-linux-x86_64-debian-gcc, r-devel-linux-x86_64-fedora-clang, r-devel-linux-x86_64-fedora-gcc