CRAN Package Check Results for Package secr

Last updated on 2020-06-05 20:48:48 CEST.

Flavor Version Tinstall Tcheck Ttotal Status Flags
r-devel-linux-x86_64-debian-clang 4.2.2 298.75 294.00 592.75 NOTE
r-devel-linux-x86_64-debian-gcc 4.2.2 242.23 229.74 471.97 NOTE
r-devel-linux-x86_64-fedora-clang 4.2.2 851.36 NOTE
r-devel-linux-x86_64-fedora-gcc 4.2.2 781.57 NOTE
r-devel-windows-ix86+x86_64 4.2.2 767.00 584.00 1351.00 NOTE
r-patched-linux-x86_64 4.2.2 260.00 301.03 561.03 NOTE
r-patched-solaris-x86 4.2.2 817.90 NOTE
r-release-linux-x86_64 4.2.2 259.58 248.42 508.00 NOTE
r-release-osx-x86_64 4.2.2 NOTE
r-release-windows-ix86+x86_64 4.2.2 650.00 574.00 1224.00 NOTE
r-oldrel-osx-x86_64 4.2.2 NOTE
r-oldrel-windows-ix86+x86_64 4.2.2 759.00 378.00 1137.00 NOTE

Check Details

Version: 4.2.2
Check: for GNU extensions in Makefiles
Result: NOTE
    GNU make is a SystemRequirements.
Flavors: r-devel-linux-x86_64-debian-clang, r-devel-linux-x86_64-debian-gcc, r-devel-linux-x86_64-fedora-clang, r-devel-linux-x86_64-fedora-gcc, r-devel-windows-ix86+x86_64, r-patched-linux-x86_64, r-patched-solaris-x86, r-release-linux-x86_64, r-release-osx-x86_64, r-release-windows-ix86+x86_64, r-oldrel-osx-x86_64, r-oldrel-windows-ix86+x86_64

Version: 4.2.2
Check: installed package size
Result: NOTE
     installed size is 20.7Mb
     sub-directories of 1Mb or more:
     R 1.4Mb
     libs 17.6Mb
Flavors: r-devel-linux-x86_64-fedora-clang, r-devel-windows-ix86+x86_64, r-release-osx-x86_64, r-release-windows-ix86+x86_64, r-oldrel-osx-x86_64, r-oldrel-windows-ix86+x86_64