CRAN Package Check Results for Package secsse

Last updated on 2022-01-22 07:52:57 CET.

Flavor Version Tinstall Tcheck Ttotal Status Flags
r-devel-linux-x86_64-debian-clang 2.1.7 6.49 248.81 255.30 OK
r-devel-linux-x86_64-debian-gcc 2.1.7 5.21 192.55 197.76 OK
r-devel-linux-x86_64-fedora-clang 2.1.7 310.45 OK
r-devel-linux-x86_64-fedora-gcc 2.1.7 286.82 OK
r-devel-windows-x86_64-new-UL 2.1.7 35.00 289.00 324.00 NOTE
r-devel-windows-x86_64-new-TK 2.1.7 NOTE
r-patched-linux-x86_64 2.1.7 5.21 239.22 244.43 OK
r-release-linux-x86_64 2.1.7 4.58 233.81 238.39 OK
r-release-macos-arm64 2.1.7 OK
r-release-macos-x86_64 2.1.7 OK
r-release-windows-ix86+x86_64 2.1.7 16.00 430.00 446.00 NOTE
r-oldrel-macos-x86_64 2.1.7 OK
r-oldrel-windows-ix86+x86_64 2.1.7 16.00 425.00 441.00 NOTE

Check Details

Version: 2.1.7
Check: package dependencies
Result: NOTE
    Package which this enhances but not available for checking: 'doMC'
Flavors: r-devel-windows-x86_64-new-UL, r-devel-windows-x86_64-new-TK, r-release-windows-ix86+x86_64, r-oldrel-windows-ix86+x86_64