CRAN Package Check Results for Package seeclickfixr

Last updated on 2020-01-19 13:47:40 CET.

Flavor Version Tinstall Tcheck Ttotal Status Flags
r-devel-linux-x86_64-debian-clang 1.1.0 2.79 20.46 23.25 OK
r-devel-linux-x86_64-debian-gcc 1.1.0 2.03 16.44 18.47 OK
r-devel-linux-x86_64-fedora-clang 1.1.0 28.85 OK
r-devel-linux-x86_64-fedora-gcc 1.1.0 28.74 OK
r-devel-windows-ix86+x86_64 1.1.0 8.00 31.00 39.00 ERROR
r-devel-windows-ix86+x86_64-gcc8 1.1.0 5.00 47.00 52.00 ERROR
r-patched-linux-x86_64 1.1.0 1.77 18.93 20.70 OK
r-patched-solaris-x86 1.1.0 41.00 OK
r-release-linux-x86_64 1.1.0 1.86 18.78 20.64 OK
r-release-windows-ix86+x86_64 1.1.0 8.00 28.00 36.00 ERROR
r-release-osx-x86_64 1.1.0 OK
r-oldrel-windows-ix86+x86_64 1.1.0 4.00 30.00 34.00 ERROR
r-oldrel-osx-x86_64 1.1.0 OK

Check Details

Version: 1.1.0
Check: examples
Result: ERROR
    Running examples in 'seeclickfixr-Ex.R' failed
    The error most likely occurred in:
    
    > ### Name: list_places
    > ### Title: Query sub-city neighborhoods in which issues can be reported.
    > ### Aliases: list_places
    >
    > ### ** Examples
    >
    > list_places("Boston, MA",limit = 5)
    Error in function (type, msg, asError = TRUE) :
     Unknown SSL protocol error in connection to seeclickfix.com:443
    Calls: list_places -> <Anonymous> -> curlPerform -> <Anonymous> -> fun
    Execution halted
Flavors: r-devel-windows-ix86+x86_64, r-devel-windows-ix86+x86_64-gcc8, r-release-windows-ix86+x86_64, r-oldrel-windows-ix86+x86_64