CRAN Package Check Results for Package seeclickfixr

Last updated on 2021-04-15 06:47:59 CEST.

Flavor Version Tinstall Tcheck Ttotal Status Flags
r-devel-linux-x86_64-debian-clang 1.1.0 2.52 23.52 26.04 NOTE
r-devel-linux-x86_64-debian-gcc 1.1.0 1.94 19.00 20.94 NOTE
r-devel-linux-x86_64-fedora-clang 1.1.0 42.86 NOTE
r-devel-linux-x86_64-fedora-gcc 1.1.0 31.48 NOTE
r-devel-windows-ix86+x86_64 1.1.0 5.00 33.00 38.00 ERROR
r-devel-windows-x86_64-gcc10-UCRT 1.1.0 NOTE
r-patched-linux-x86_64 1.1.0 2.65 22.56 25.21 OK
r-patched-solaris-x86 1.1.0 47.70 OK
r-release-linux-x86_64 1.1.0 2.42 22.70 25.12 OK
r-release-macos-x86_64 1.1.0 OK
r-release-windows-ix86+x86_64 1.1.0 5.00 39.00 44.00 ERROR
r-oldrel-macos-x86_64 1.1.0 OK
r-oldrel-windows-ix86+x86_64 1.1.0 4.00 26.00 30.00 ERROR

Check Details

Version: 1.1.0
Check: LazyData
Result: NOTE
     'LazyData' is specified without a 'data' directory
Flavors: r-devel-linux-x86_64-debian-clang, r-devel-linux-x86_64-debian-gcc, r-devel-linux-x86_64-fedora-clang, r-devel-linux-x86_64-fedora-gcc, r-devel-windows-ix86+x86_64, r-devel-windows-x86_64-gcc10-UCRT

Version: 1.1.0
Check: examples
Result: ERROR
    Running examples in 'seeclickfixr-Ex.R' failed
    The error most likely occurred in:
    
    > ### Name: list_places
    > ### Title: Query sub-city neighborhoods in which issues can be reported.
    > ### Aliases: list_places
    >
    > ### ** Examples
    >
    > list_places("Boston, MA",limit = 5)
    Error in function (type, msg, asError = TRUE) :
     error:1407742E:SSL routines:SSL23_GET_SERVER_HELLO:tlsv1 alert protocol version
    Calls: list_places -> <Anonymous> -> curlPerform -> <Anonymous> -> fun
    Execution halted
Flavors: r-devel-windows-ix86+x86_64, r-release-windows-ix86+x86_64, r-oldrel-windows-ix86+x86_64