CRAN Package Check Results for Package seedwater

Last updated on 2021-04-15 04:48:54 CEST.

Flavor Version Tinstall Tcheck Ttotal Status Flags
r-devel-linux-x86_64-debian-clang 2.0 3.14 29.38 32.52 OK
r-devel-linux-x86_64-debian-gcc 2.0 3.07 24.13 27.20 OK
r-devel-linux-x86_64-fedora-clang 2.0 52.05 OK
r-devel-linux-x86_64-fedora-gcc 2.0 41.72 OK
r-devel-windows-ix86+x86_64 2.0 14.00 58.00 72.00 OK
r-devel-windows-x86_64-gcc10-UCRT 2.0 OK
r-patched-linux-x86_64 2.0 3.47 28.72 32.19 OK
r-patched-solaris-x86 2.0 62.20 OK
r-release-linux-x86_64 2.0 3.46 28.90 32.36 OK
r-release-macos-x86_64 2.0 ERROR
r-release-windows-ix86+x86_64 2.0 13.00 71.00 84.00 OK
r-oldrel-macos-x86_64 2.0 ERROR
r-oldrel-windows-ix86+x86_64 2.0 12.00 55.00 67.00 OK

Check Details

Version: 2.0
Check: package dependencies
Result: ERROR
    Package required but not available: ‘rpanel’
    
    See section ‘The DESCRIPTION file’ in the ‘Writing R Extensions’
    manual.
Flavors: r-release-macos-x86_64, r-oldrel-macos-x86_64