CRAN Package Check Results for Package segmenTier

Last updated on 2022-12-09 15:56:01 CET.

Flavor Version Tinstall Tcheck Ttotal Status Flags
r-devel-linux-x86_64-debian-clang 0.1.2 30.11 95.66 125.77 OK
r-devel-linux-x86_64-debian-gcc 0.1.2 22.89 75.71 98.60 OK
r-devel-linux-x86_64-fedora-clang 0.1.2 174.83 NOTE
r-devel-linux-x86_64-fedora-gcc 0.1.2 170.89 NOTE
r-devel-windows-x86_64 0.1.2 51.00 163.00 214.00 OK
r-patched-linux-x86_64 0.1.2 27.05 86.09 113.14 OK
r-release-linux-x86_64 0.1.2 25.31 86.60 111.91 OK
r-release-macos-arm64 0.1.2 51.00 NOTE
r-release-macos-x86_64 0.1.2 64.00 OK
r-release-windows-x86_64 0.1.2 54.00 152.00 206.00 OK
r-oldrel-macos-arm64 0.1.2 64.00 NOTE
r-oldrel-macos-x86_64 0.1.2 100.00 NOTE
r-oldrel-windows-ix86+x86_64 0.1.2 72.00 172.00 244.00 OK

Check Details

Version: 0.1.2
Check: package dependencies
Result: NOTE
    Packages suggested but not available for checking:
     'flowMerge', 'flowClust', 'flowCore'
Flavors: r-devel-linux-x86_64-fedora-clang, r-devel-linux-x86_64-fedora-gcc, r-release-macos-arm64

Version: 0.1.2
Check: Rd cross-references
Result: NOTE
    Packages unavailable to check Rd xrefs: ‘flowClust’, ‘flowMerge’
Flavors: r-devel-linux-x86_64-fedora-clang, r-devel-linux-x86_64-fedora-gcc, r-release-macos-arm64, r-oldrel-macos-arm64, r-oldrel-macos-x86_64

Version: 0.1.2
Check: package dependencies
Result: NOTE
    Packages suggested but not available for checking: 'flowMerge', 'flowClust'
Flavors: r-oldrel-macos-arm64, r-oldrel-macos-x86_64