Last updated on 2023-12-09 04:51:06 CET.
Flavor | Version | Tinstall | Tcheck | Ttotal | Status | Flags |
---|---|---|---|---|---|---|
r-devel-linux-x86_64-debian-clang | 0.1.2 | 32.43 | 93.46 | 125.89 | OK | |
r-devel-linux-x86_64-debian-gcc | 0.1.2 | 22.53 | 68.93 | 91.46 | OK | |
r-devel-linux-x86_64-fedora-clang | 0.1.2 | 175.18 | NOTE | |||
r-devel-linux-x86_64-fedora-gcc | 0.1.2 | 170.64 | NOTE | |||
r-devel-windows-x86_64 | 0.1.2 | 25.00 | 113.00 | 138.00 | OK | |
r-patched-linux-x86_64 | 0.1.2 | 28.62 | 89.06 | 117.68 | OK | |
r-release-linux-x86_64 | 0.1.2 | 27.91 | 88.21 | 116.12 | OK | |
r-release-macos-arm64 | 0.1.2 | 61.00 | NOTE | |||
r-release-macos-x86_64 | 0.1.2 | 95.00 | NOTE | |||
r-release-windows-x86_64 | 0.1.2 | 28.00 | 133.00 | 161.00 | OK | |
r-oldrel-macos-arm64 | 0.1.2 | 58.00 | NOTE | |||
r-oldrel-macos-x86_64 | 0.1.2 | 64.00 | OK | |||
r-oldrel-windows-x86_64 | 0.1.2 | 31.00 | 131.00 | 162.00 | OK |
Version: 0.1.2
Check: package dependencies
Result: NOTE
Packages suggested but not available for checking:
'flowMerge', 'flowClust', 'flowCore'
Flavors: r-devel-linux-x86_64-fedora-clang, r-devel-linux-x86_64-fedora-gcc, r-release-macos-arm64, r-release-macos-x86_64
Version: 0.1.2
Check: Rd cross-references
Result: NOTE
Packages unavailable to check Rd xrefs: ‘flowClust’, ‘flowMerge’
Flavors: r-devel-linux-x86_64-fedora-clang, r-devel-linux-x86_64-fedora-gcc, r-release-macos-arm64, r-release-macos-x86_64
Version: 0.1.2
Check: package dependencies
Result: NOTE
Package suggested but not available for checking: ‘flowMerge’
Flavor: r-oldrel-macos-arm64
Version: 0.1.2
Check: Rd cross-references
Result: NOTE
Package unavailable to check Rd xrefs: ‘flowMerge’
Flavor: r-oldrel-macos-arm64