CRAN Package Check Results for Package semptools

Last updated on 2022-01-27 14:54:14 CET.

Flavor Version Tinstall Tcheck Ttotal Status Flags
r-devel-linux-x86_64-debian-clang 0.2.9.3 3.61 117.32 120.93 OK
r-devel-linux-x86_64-debian-gcc 0.2.9.3 2.27 86.75 89.02 OK
r-devel-linux-x86_64-fedora-clang 0.2.9.3 152.88 NOTE
r-devel-linux-x86_64-fedora-gcc 0.2.9.3 143.64 OK
r-devel-windows-x86_64-new-UL 0.2.9.3 60.00 199.00 259.00 OK
r-devel-windows-x86_64-new-TK 0.2.9.3 ERROR
r-patched-linux-x86_64 0.2.9.3 7.02 137.96 144.98 OK
r-release-linux-x86_64 0.2.9.3 2.14 132.26 134.40 OK
r-release-macos-arm64 0.2.9.3 OK
r-release-macos-x86_64 0.2.9.3 OK
r-release-windows-ix86+x86_64 0.2.9.3 7.00 170.00 177.00 OK
r-oldrel-macos-x86_64 0.2.9.3 OK
r-oldrel-windows-ix86+x86_64 0.2.9.3 8.00 175.00 183.00 OK

Check Details

Version: 0.2.9.3
Check: Rd cross-references
Result: NOTE
    Undeclared package ‘qgraph’ in Rd xrefs
Flavor: r-devel-linux-x86_64-fedora-clang

Version: 0.2.9.3
Check: package dependencies
Result: NOTE
    Package suggested but not available for checking: 'semPlot'
Flavor: r-devel-windows-x86_64-new-TK

Version: 0.2.9.3
Check: Rd cross-references
Result: NOTE
    Package unavailable to check Rd xrefs: 'semPlot'
Flavor: r-devel-windows-x86_64-new-TK

Version: 0.2.9.3
Check: examples
Result: ERROR
    Running examples in 'semptools-Ex.R' failed
    The error most likely occurred in:
    
    > ### Name: change_node_label
    > ### Title: Change node labels
    > ### Aliases: change_node_label
    >
    > ### ** Examples
    >
    > library(semPlot)
    Error in library(semPlot) : there is no package called 'semPlot'
    Execution halted
Flavor: r-devel-windows-x86_64-new-TK

Version: 0.2.9.3
Check: tests
Result: ERROR
     Running 'testthat.R'
    Running the tests in 'tests/testthat.R' failed.
    Complete output:
     > library(testthat)
     > library(semptools)
     >
     > test_check("semptools")
     [ FAIL 10 | WARN 0 | SKIP 0 | PASS 8 ]
    
     ══ Failed tests ════════════════════════════════════════════════════════════════
     ── Error (test-change-node.R:2:1): (code run outside of `test_that()`) ─────────
     <packageNotFoundError/error/condition>
     Error in `library(semPlot)`: there is no package called 'semPlot'
     Backtrace:
     █
     1. └─base::library(semPlot) test-change-node.R:2:0
     ── Error (test-change-node_attribute.R:2:1): (code run outside of `test_that()`) ──
     <packageNotFoundError/error/condition>
     Error in `library(semPlot)`: there is no package called 'semPlot'
     Backtrace:
     █
     1. └─base::library(semPlot) test-change-node_attribute.R:2:0
     ── Error (test-change-node_named_vector.R:2:1): (code run outside of `test_that()`) ──
     <packageNotFoundError/error/condition>
     Error in `library(semPlot)`: there is no package called 'semPlot'
     Backtrace:
     █
     1. └─base::library(semPlot) test-change-node_named_vector.R:2:0
     ── Error (test-check_intercepts.R:2:1): (code run outside of `test_that()`) ────
     <packageNotFoundError/error/condition>
     Error in `library(semPlot)`: there is no package called 'semPlot'
     Backtrace:
     █
     1. └─base::library(semPlot) test-check_intercepts.R:2:0
     ── Error (test-custom-labels.R:2:1): (code run outside of `test_that()`) ───────
     <packageNotFoundError/error/condition>
     Error in `library(semPlot)`: there is no package called 'semPlot'
     Backtrace:
     █
     1. └─base::library(semPlot) test-custom-labels.R:2:0
     ── Error (test-keep_drop_nodes.R:2:1): (code run outside of `test_that()`) ─────
     <packageNotFoundError/error/condition>
     Error in `library(semPlot)`: there is no package called 'semPlot'
     Backtrace:
     █
     1. └─base::library(semPlot) test-keep_drop_nodes.R:2:0
     ── Error (test-nCharNodes.R:2:1): (code run outside of `test_that()`) ──────────
     <packageNotFoundError/error/condition>
     Error in `library(semPlot)`: there is no package called 'semPlot'
     Backtrace:
     █
     1. └─base::library(semPlot) test-nCharNodes.R:2:0
     ── Error (test-set_cfa_layout_after_change_node.R:2:1): (code run outside of `test_that()`) ──
     <packageNotFoundError/error/condition>
     Error in `library(semPlot)`: there is no package called 'semPlot'
     Backtrace:
     █
     1. └─base::library(semPlot) test-set_cfa_layout_after_change_node.R:2:0
     ── Error (test-set_sem_layout_after_change_node.R:2:1): (code run outside of `test_that()`) ──
     <packageNotFoundError/error/condition>
     Error in `library(semPlot)`: there is no package called 'semPlot'
     Backtrace:
     █
     1. └─base::library(semPlot) test-set_sem_layout_after_change_node.R:2:0
     ── Error (test-to_list_of_lists.R:39:1): (code run outside of `test_that()`) ───
     <packageNotFoundError/error/condition>
     Error in `library(semPlot)`: there is no package called 'semPlot'
     Backtrace:
     █
     1. └─base::library(semPlot) test-to_list_of_lists.R:39:0
    
     [ FAIL 10 | WARN 0 | SKIP 0 | PASS 8 ]
     Error: Test failures
     Execution halted
Flavor: r-devel-windows-x86_64-new-TK

Version: 0.2.9.3
Check: re-building of vignette outputs
Result: WARN
    Error(s) in re-building vignettes:
    --- re-building 'keep_or_drop_nodes.Rmd' using rmarkdown
    Quitting from lines 66-81 (keep_or_drop_nodes.Rmd)
    Error: processing vignette 'keep_or_drop_nodes.Rmd' failed with diagnostics:
    there is no package called 'semPlot'
    --- failed re-building 'keep_or_drop_nodes.Rmd'
    
    --- re-building 'layout_matrix.Rmd' using rmarkdown
    Quitting from lines 48-69 (layout_matrix.Rmd)
    Error: processing vignette 'layout_matrix.Rmd' failed with diagnostics:
    there is no package called 'semPlot'
    --- failed re-building 'layout_matrix.Rmd'
    
    --- re-building 'quick_start_cfa.Rmd' using rmarkdown
    Quitting from lines 65-72 (quick_start_cfa.Rmd)
    Error: processing vignette 'quick_start_cfa.Rmd' failed with diagnostics:
    there is no package called 'semPlot'
    --- failed re-building 'quick_start_cfa.Rmd'
    
    --- re-building 'quick_start_sem.Rmd' using rmarkdown
    Quitting from lines 69-76 (quick_start_sem.Rmd)
    Error: processing vignette 'quick_start_sem.Rmd' failed with diagnostics:
    there is no package called 'semPlot'
    --- failed re-building 'quick_start_sem.Rmd'
    
    --- re-building 'semptools.Rmd' using rmarkdown
    Quitting from lines 54-64 (semptools.Rmd)
    Error: processing vignette 'semptools.Rmd' failed with diagnostics:
    there is no package called 'semPlot'
    --- failed re-building 'semptools.Rmd'
    
    SUMMARY: processing the following files failed:
     'keep_or_drop_nodes.Rmd' 'layout_matrix.Rmd' 'quick_start_cfa.Rmd'
     'quick_start_sem.Rmd' 'semptools.Rmd'
    
    Error: Vignette re-building failed.
    Execution halted
Flavor: r-devel-windows-x86_64-new-TK