CRAN Package Check Results for Package semver

Last updated on 2020-11-27 19:48:58 CET.

Flavor Version Tinstall Tcheck Ttotal Status Flags
r-devel-linux-x86_64-debian-clang 0.2.0 34.51 37.34 71.85 OK
r-devel-linux-x86_64-debian-gcc 0.2.0 31.38 27.95 59.33 OK
r-devel-linux-x86_64-fedora-clang 0.2.0 92.64 NOTE
r-devel-linux-x86_64-fedora-gcc 0.2.0 71.99 NOTE
r-devel-windows-ix86+x86_64 0.2.0 63.00 56.00 119.00 OK
r-patched-linux-x86_64 0.2.0 50.86 37.51 88.37 OK
r-patched-solaris-x86 0.2.0 83.90 OK
r-release-linux-x86_64 0.2.0 51.29 34.93 86.22 OK
r-release-macos-x86_64 0.2.0 OK
r-release-windows-ix86+x86_64 0.2.0 63.00 58.00 121.00 OK
r-oldrel-macos-x86_64 0.2.0 OK
r-oldrel-windows-ix86+x86_64 0.2.0 60.00 70.00 130.00 OK

Check Details

Version: 0.2.0
Check: compiled code
Result: NOTE
    File ‘semver/libs/semver.so’:
     Found no calls to: ‘R_registerRoutines’, ‘R_useDynamicSymbols’
    
    It is good practice to register native routines and to disable symbol
    search.
    
    See ‘Writing portable packages’ in the ‘Writing R Extensions’ manual.
Flavors: r-devel-linux-x86_64-fedora-clang, r-devel-linux-x86_64-fedora-gcc