CRAN Package Check Results for Package sensitivityPStrat

Last updated on 2019-09-22 15:47:20 CEST.

Flavor Version Tinstall Tcheck Ttotal Status Flags
r-devel-linux-x86_64-debian-clang 1.0-6 9.54 98.09 107.63 NOTE
r-devel-linux-x86_64-debian-gcc 1.0-6 8.54 77.46 86.00 NOTE
r-devel-linux-x86_64-fedora-clang 1.0-6 136.97 NOTE
r-devel-linux-x86_64-fedora-gcc 1.0-6 130.26 NOTE
r-devel-windows-ix86+x86_64 1.0-6 26.00 166.00 192.00 NOTE
r-patched-linux-x86_64 1.0-6 10.12 96.85 106.97 NOTE
r-patched-solaris-x86 1.0-6 187.60 NOTE
r-release-linux-x86_64 1.0-6 9.53 95.91 105.44 NOTE
r-release-windows-ix86+x86_64 1.0-6 22.00 159.00 181.00 NOTE
r-release-osx-x86_64 1.0-6 NOTE
r-oldrel-windows-ix86+x86_64 1.0-6 15.00 235.00 250.00 NOTE
r-oldrel-osx-x86_64 1.0-6 NOTE

Check Details

Version: 1.0-6
Check: R code for possible problems
Result: NOTE
    plot.sensitivity.2.0d: no visible global function definition for 'gray'
    sensitivitySGD: no visible global function definition for 'tail'
    sensitivitySGL: no visible global function definition for 'tail'
    Undefined global functions or variables:
     gray tail
    Consider adding
     importFrom("grDevices", "gray")
     importFrom("utils", "tail")
    to your NAMESPACE file.
Flavors: r-devel-linux-x86_64-debian-clang, r-devel-linux-x86_64-debian-gcc, r-devel-linux-x86_64-fedora-clang, r-devel-linux-x86_64-fedora-gcc, r-devel-windows-ix86+x86_64, r-patched-linux-x86_64, r-patched-solaris-x86, r-release-linux-x86_64, r-release-windows-ix86+x86_64, r-release-osx-x86_64, r-oldrel-windows-ix86+x86_64, r-oldrel-osx-x86_64

Version: 1.0-6
Check: compiled code
Result: NOTE
    File ‘sensitivityPStrat/libs/sensitivityPStrat.so’:
     Found no calls to: ‘R_registerRoutines’, ‘R_useDynamicSymbols’
    
    It is good practice to register native routines and to disable symbol
    search.
    
    See ‘Writing portable packages’ in the ‘Writing R Extensions’ manual.
Flavors: r-devel-linux-x86_64-fedora-clang, r-devel-linux-x86_64-fedora-gcc