CRAN Package Check Results for Package sensitivityPStrat

Last updated on 2020-02-23 10:49:04 CET.

Flavor Version Tinstall Tcheck Ttotal Status Flags
r-devel-linux-x86_64-debian-clang 1.0-6 12.95 112.55 125.50 NOTE
r-devel-linux-x86_64-debian-gcc 1.0-6 10.26 86.03 96.29 NOTE
r-devel-linux-x86_64-fedora-clang 1.0-6 149.28 NOTE
r-devel-linux-x86_64-fedora-gcc 1.0-6 151.98 NOTE
r-devel-windows-ix86+x86_64 1.0-6 18.00 181.00 199.00 NOTE
r-devel-windows-ix86+x86_64-gcc8 1.0-6 29.00 158.00 187.00 NOTE
r-patched-linux-x86_64 1.0-6 NOTE
r-patched-solaris-x86 1.0-6 189.40 NOTE
r-release-linux-x86_64 1.0-6 10.56 97.32 107.88 NOTE
r-release-windows-ix86+x86_64 1.0-6 19.00 160.00 179.00 NOTE
r-release-osx-x86_64 1.0-6 NOTE
r-oldrel-windows-ix86+x86_64 1.0-6 16.00 179.00 195.00 NOTE
r-oldrel-osx-x86_64 1.0-6 NOTE

Check Details

Version: 1.0-6
Check: R code for possible problems
Result: NOTE
    plot.sensitivity.2.0d: no visible global function definition for 'gray'
    sensitivitySGD: no visible global function definition for 'tail'
    sensitivitySGL: no visible global function definition for 'tail'
    Undefined global functions or variables:
     gray tail
    Consider adding
     importFrom("grDevices", "gray")
     importFrom("utils", "tail")
    to your NAMESPACE file.
Flavors: r-devel-linux-x86_64-debian-clang, r-devel-linux-x86_64-debian-gcc, r-devel-linux-x86_64-fedora-clang, r-devel-linux-x86_64-fedora-gcc, r-devel-windows-ix86+x86_64, r-devel-windows-ix86+x86_64-gcc8, r-patched-linux-x86_64, r-patched-solaris-x86, r-release-linux-x86_64, r-release-windows-ix86+x86_64, r-release-osx-x86_64, r-oldrel-windows-ix86+x86_64, r-oldrel-osx-x86_64

Version: 1.0-6
Check: compiled code
Result: NOTE
    File ‘sensitivityPStrat/libs/sensitivityPStrat.so’:
     Found no calls to: ‘R_registerRoutines’, ‘R_useDynamicSymbols’
    
    It is good practice to register native routines and to disable symbol
    search.
    
    See ‘Writing portable packages’ in the ‘Writing R Extensions’ manual.
Flavors: r-devel-linux-x86_64-fedora-clang, r-devel-linux-x86_64-fedora-gcc