CRAN Package Check Results for Package sentometrics

Last updated on 2024-02-28 02:58:17 CET.

Flavor Version Tinstall Tcheck Ttotal Status Flags
r-devel-linux-x86_64-debian-clang 1.0.0 106.97 235.05 342.02 NOTE
r-devel-linux-x86_64-debian-gcc 1.0.0 76.82 186.93 263.75 NOTE
r-devel-linux-x86_64-fedora-clang 1.0.0 463.65 NOTE
r-devel-linux-x86_64-fedora-gcc 1.0.0 466.09 NOTE
r-devel-windows-x86_64 1.0.0 84.00 222.00 306.00 NOTE
r-patched-linux-x86_64 1.0.0 78.10 236.42 314.52 NOTE
r-release-linux-x86_64 1.0.0 72.83 245.73 318.56 NOTE
r-release-macos-arm64 1.0.0 146.00 NOTE
r-release-macos-x86_64 1.0.0 211.00 NOTE
r-release-windows-x86_64 1.0.0 108.00 279.00 387.00 NOTE
r-oldrel-macos-arm64 1.0.0 117.00 NOTE
r-oldrel-windows-x86_64 1.0.0 105.00 258.00 363.00 NOTE

Check Details

Version: 1.0.0
Check: C++ specification
Result: NOTE Specified C++11: please drop specification unless essential Flavors: r-devel-linux-x86_64-debian-clang, r-devel-linux-x86_64-debian-gcc, r-devel-linux-x86_64-fedora-clang, r-devel-linux-x86_64-fedora-gcc, r-devel-windows-x86_64, r-patched-linux-x86_64, r-release-linux-x86_64, r-release-macos-arm64, r-release-macos-x86_64, r-release-windows-x86_64

Version: 1.0.0
Check: for GNU extensions in Makefiles
Result: NOTE GNU make is a SystemRequirements. Flavors: r-devel-linux-x86_64-debian-clang, r-devel-linux-x86_64-debian-gcc, r-devel-linux-x86_64-fedora-clang, r-devel-linux-x86_64-fedora-gcc, r-devel-windows-x86_64, r-patched-linux-x86_64, r-release-linux-x86_64, r-release-macos-arm64, r-release-macos-x86_64, r-release-windows-x86_64, r-oldrel-macos-arm64, r-oldrel-windows-x86_64

Version: 1.0.0
Check: data for non-ASCII characters
Result: NOTE Note: found 4436 marked UTF-8 strings Flavors: r-devel-linux-x86_64-fedora-clang, r-devel-linux-x86_64-fedora-gcc, r-oldrel-macos-arm64

Version: 1.0.0
Check: installed package size
Result: NOTE installed size is 8.0Mb sub-directories of 1Mb or more: data 2.3Mb libs 4.5Mb Flavors: r-release-macos-arm64, r-release-macos-x86_64, r-oldrel-macos-arm64