CRAN Package Check Results for Package seqHMM

Last updated on 2022-10-05 04:51:04 CEST.

Flavor Version Tinstall Tcheck Ttotal Status Flags
r-devel-linux-x86_64-debian-clang 1.2.1-1 461.90 375.01 836.91 OK
r-devel-linux-x86_64-debian-gcc 1.2.1-1 359.81 239.08 598.89 OK
r-devel-linux-x86_64-fedora-clang 1.2.1-1 1175.39 NOTE
r-devel-linux-x86_64-fedora-gcc 1.2.1-1 1007.02 OK
r-devel-windows-x86_64 1.2.1-1 328.00 422.00 750.00 NOTE
r-patched-linux-x86_64 1.2.1-1 361.00 315.20 676.20 OK
r-release-linux-x86_64 1.2.1-1 318.81 312.53 631.34 OK
r-release-macos-arm64 1.2.1-1 310.00 NOTE
r-release-macos-x86_64 1.2.1-1 332.00 NOTE
r-release-windows-x86_64 1.2.1-1 332.00 425.00 757.00 NOTE
r-oldrel-macos-arm64 1.2.1-1 213.00 NOTE
r-oldrel-macos-x86_64 1.2.1-1 328.00 NOTE
r-oldrel-windows-ix86+x86_64 1.2.1-1 1100.00 414.00 1514.00 NOTE

Check Details

Version: 1.2.1-1
Check: installed package size
Result: NOTE
     installed size is 8.1Mb
     sub-directories of 1Mb or more:
     doc 6.4Mb
Flavors: r-devel-linux-x86_64-fedora-clang, r-devel-windows-x86_64, r-release-macos-arm64, r-release-macos-x86_64, r-release-windows-x86_64, r-oldrel-macos-arm64, r-oldrel-macos-x86_64, r-oldrel-windows-ix86+x86_64