CRAN Package Check Results for Package seqHMM

Last updated on 2024-07-21 01:55:21 CEST.

Flavor Version Tinstall Tcheck Ttotal Status Flags
r-devel-linux-x86_64-debian-clang 1.2.6 406.20 320.87 727.07 OK
r-devel-linux-x86_64-debian-gcc 1.2.6 245.91 243.76 489.67 OK
r-devel-linux-x86_64-fedora-clang 1.2.6 1261.96 NOTE
r-devel-linux-x86_64-fedora-gcc 1.2.6 1189.97 OK
r-devel-windows-x86_64 1.2.6 306.00 336.00 642.00 NOTE
r-patched-linux-x86_64 1.2.6 436.48 318.02 754.50 OK
r-release-linux-x86_64 1.2.6 407.53 314.40 721.93 OK
r-release-macos-arm64 1.2.6 232.00 NOTE
r-release-macos-x86_64 1.2.6 272.00 WARN
r-release-windows-x86_64 1.2.6 380.00 334.00 714.00 NOTE
r-oldrel-macos-arm64 1.2.6 205.00 NOTE
r-oldrel-macos-x86_64 1.2.6 415.00 NOTE
r-oldrel-windows-x86_64 1.2.6 463.00 383.00 846.00 NOTE

Check Details

Version: 1.2.6
Check: installed package size
Result: NOTE installed size is 8.1Mb sub-directories of 1Mb or more: doc 6.4Mb Flavors: r-devel-linux-x86_64-fedora-clang, r-devel-windows-x86_64, r-release-macos-arm64, r-release-macos-x86_64, r-release-windows-x86_64, r-oldrel-macos-arm64, r-oldrel-macos-x86_64, r-oldrel-windows-x86_64

Version: 1.2.6
Check: Rd cross-references
Result: NOTE Found the following Rd file(s) with Rd \link{} targets missing package anchors: fit_model.Rd: nloptr hidden_paths.Rd: seqIplot mssplot.Rd: seqplot, plot.stslist plot.hmm.Rd: igraph.plotting, seqplot, plot.igraph plot.mhmm.Rd: igraph.plotting, seqplot, plot.igraph seqHMM-deprecated.Rd: nloptr ssp.Rd: seqplot, plot.stslist ssplot.Rd: seqplot, plot.stslist Please provide package anchors for all Rd \link{} targets not in the package itself and the base packages. Flavor: r-devel-windows-x86_64

Version: 1.2.6
Check: re-building of vignette outputs
Result: WARN Error(s) in re-building vignettes: --- re-building ‘seqHMM.Rnw’ using knitr Error: processing vignette 'seqHMM.Rnw' failed with diagnostics: Running 'texi2dvi' on 'seqHMM.tex' failed. LaTeX errors: ! Undefined control sequence. l.555 \hlkwd{library}\hldef {(}\hlsng{"seqHMM"}\hldef{)} ? ! Emergency stop. ! Emergency stop. l.555 End of file on the terminal! ! ==> Fatal error occurred, no output PDF file produced! --- failed re-building ‘seqHMM.Rnw’ --- re-building ‘seqHMM_algorithms.Rnw’ using knitr --- finished re-building ‘seqHMM_algorithms.Rnw’ --- re-building ‘seqHMM_estimation.Rnw’ using knitr --- finished re-building ‘seqHMM_estimation.Rnw’ --- re-building ‘seqHMM_visualization.Rnw’ using knitr Error: processing vignette 'seqHMM_visualization.Rnw' failed with diagnostics: Running 'texi2dvi' on 'seqHMM_visualization.tex' failed. LaTeX errors: ! Undefined control sequence. l.172 \hlkwd{library}\hldef {(}\hlsng{"seqHMM"}\hldef{)} ? ! Emergency stop. ! Emergency stop. l.172 End of file on the terminal! ! ==> Fatal error occurred, no output PDF file produced! --- failed re-building ‘seqHMM_visualization.Rnw’ SUMMARY: processing the following files failed: ‘seqHMM.Rnw’ ‘seqHMM_visualization.Rnw’ Error: Vignette re-building failed. Execution halted Flavor: r-release-macos-x86_64