Last updated on 2021-02-28 11:52:05 CET.
Flavor | Version | Tinstall | Tcheck | Ttotal | Status | Flags |
---|---|---|---|---|---|---|
r-devel-linux-x86_64-debian-clang | 4.2-5 | 14.10 | 120.44 | 134.54 | OK | |
r-devel-linux-x86_64-debian-gcc | 4.2-5 | 11.36 | 93.50 | 104.86 | OK | |
r-devel-linux-x86_64-fedora-clang | 4.2-5 | 172.26 | NOTE | |||
r-devel-linux-x86_64-fedora-gcc | 4.2-5 | 163.79 | OK | |||
r-devel-windows-ix86+x86_64 | 4.2-5 | 24.00 | 164.00 | 188.00 | NOTE | |
r-patched-linux-x86_64 | 4.2-5 | 13.39 | 117.04 | 130.43 | OK | |
r-patched-solaris-x86 | 4.2-5 | 236.20 | NOTE | |||
r-release-linux-x86_64 | 4.2-5 | 14.70 | 117.12 | 131.82 | OK | |
r-release-macos-x86_64 | 4.2-5 | NOTE | ||||
r-release-windows-ix86+x86_64 | 4.2-5 | 33.00 | 16.00 | 49.00 | ERROR | |
r-oldrel-macos-x86_64 | 4.2-5 | NOTE | ||||
r-oldrel-windows-ix86+x86_64 | 4.2-5 | 22.00 | 182.00 | 204.00 | NOTE |
Version: 4.2-5
Check: installed package size
Result: NOTE
installed size is 5.5Mb
sub-directories of 1Mb or more:
data 1.4Mb
sequences 1.9Mb
Flavors: r-devel-linux-x86_64-fedora-clang, r-devel-windows-ix86+x86_64, r-patched-solaris-x86, r-release-macos-x86_64, r-oldrel-macos-x86_64, r-oldrel-windows-ix86+x86_64
Version: 4.2-5
Check: whether package can be installed
Result: ERROR
Installation failed.
Flavor: r-release-windows-ix86+x86_64