CRAN Package Check Results for Package seqinr

Last updated on 2019-10-15 00:50:07 CEST.

Flavor Version Tinstall Tcheck Ttotal Status Flags
r-devel-linux-x86_64-debian-clang 3.6-1 14.48 100.47 114.95 OK
r-devel-linux-x86_64-debian-gcc 3.6-1 10.21 80.05 90.26 OK
r-devel-linux-x86_64-fedora-clang 3.6-1 151.48 NOTE
r-devel-linux-x86_64-fedora-gcc 3.6-1 136.87 OK
r-devel-windows-ix86+x86_64 3.6-1 28.00 215.00 243.00 NOTE
r-patched-linux-x86_64 3.6-1 12.10 99.49 111.59 OK
r-patched-solaris-x86 3.6-1 195.50 NOTE
r-release-linux-x86_64 3.6-1 12.40 101.62 114.02 OK
r-release-windows-ix86+x86_64 3.6-1 43.00 156.00 199.00 NOTE
r-release-osx-x86_64 3.6-1 NOTE
r-oldrel-windows-ix86+x86_64 3.6-1 26.00 138.00 164.00 NOTE
r-oldrel-osx-x86_64 3.6-1 NOTE

Check Details

Version: 3.6-1
Check: installed package size
Result: NOTE
     installed size is 5.5Mb
     sub-directories of 1Mb or more:
     data 1.4Mb
     sequences 1.9Mb
Flavors: r-devel-linux-x86_64-fedora-clang, r-devel-windows-ix86+x86_64, r-patched-solaris-x86, r-release-windows-ix86+x86_64, r-release-osx-x86_64, r-oldrel-windows-ix86+x86_64, r-oldrel-osx-x86_64