CRAN Package Check Results for Package seqinr

Last updated on 2020-02-22 17:47:40 CET.

Flavor Version Tinstall Tcheck Ttotal Status Flags
r-devel-linux-x86_64-debian-clang 3.6-1 16.45 110.88 127.33 OK
r-devel-linux-x86_64-debian-gcc 3.6-1 12.55 84.00 96.55 OK
r-devel-linux-x86_64-fedora-clang 3.6-1 150.25 NOTE
r-devel-linux-x86_64-fedora-gcc 3.6-1 148.01 OK
r-devel-windows-ix86+x86_64 3.6-1 29.00 169.00 198.00 NOTE
r-devel-windows-ix86+x86_64-gcc8 3.6-1 45.00 168.00 213.00 NOTE
r-patched-linux-x86_64 3.6-1 OK
r-patched-solaris-x86 3.6-1 207.40 NOTE
r-release-linux-x86_64 3.6-1 12.45 100.56 113.01 OK
r-release-windows-ix86+x86_64 3.6-1 30.00 184.00 214.00 NOTE
r-release-osx-x86_64 3.6-1 NOTE
r-oldrel-windows-ix86+x86_64 3.6-1 38.00 149.00 187.00 NOTE
r-oldrel-osx-x86_64 3.6-1 NOTE

Check Details

Version: 3.6-1
Check: installed package size
Result: NOTE
     installed size is 5.5Mb
     sub-directories of 1Mb or more:
     data 1.4Mb
     sequences 1.9Mb
Flavors: r-devel-linux-x86_64-fedora-clang, r-devel-windows-ix86+x86_64, r-devel-windows-ix86+x86_64-gcc8, r-patched-solaris-x86, r-release-windows-ix86+x86_64, r-release-osx-x86_64, r-oldrel-windows-ix86+x86_64, r-oldrel-osx-x86_64