CRAN Package Check Results for Package sequenza

Last updated on 2020-02-19 22:57:32 CET.

Flavor Version Tinstall Tcheck Ttotal Status Flags
r-devel-linux-x86_64-debian-clang 3.0.0 16.71 227.88 244.59 OK
r-devel-linux-x86_64-debian-gcc 3.0.0 13.72 163.44 177.16 OK
r-devel-linux-x86_64-fedora-clang 3.0.0 283.37 OK
r-devel-linux-x86_64-fedora-gcc 3.0.0 293.75 OK
r-devel-windows-ix86+x86_64 3.0.0 31.00 207.00 238.00 OK
r-devel-windows-ix86+x86_64-gcc8 3.0.0 43.00 218.00 261.00 OK
r-patched-linux-x86_64 3.0.0 14.99 191.91 206.90 OK
r-patched-solaris-x86 3.0.0 354.70 NOTE
r-release-linux-x86_64 3.0.0 15.72 191.54 207.26 OK
r-release-windows-ix86+x86_64 3.0.0 29.00 200.00 229.00 OK
r-release-osx-x86_64 3.0.0 ERROR
r-oldrel-windows-ix86+x86_64 3.0.0 21.00 202.00 223.00 OK
r-oldrel-osx-x86_64 3.0.0 OK

Check Details

Version: 3.0.0
Check: installed package size
Result: NOTE
     installed size is 5.2Mb
     sub-directories of 1Mb or more:
     doc 3.0Mb
     extdata 1.3Mb
Flavor: r-patched-solaris-x86

Version: 3.0.0
Check: whether package can be installed
Result: ERROR
    Installation failed.
Flavor: r-release-osx-x86_64