CRAN Package Check Results for Package serrsBayes

Last updated on 2020-11-29 05:47:32 CET.

Flavor Version Tinstall Tcheck Ttotal Status Flags
r-devel-linux-x86_64-debian-clang 0.4-1 100.29 549.22 649.51 OK
r-devel-linux-x86_64-debian-gcc 0.4-1 112.79 440.57 553.36 OK
r-devel-linux-x86_64-fedora-clang 0.4-1 799.90 NOTE
r-devel-linux-x86_64-fedora-gcc 0.4-1 819.77 OK
r-devel-windows-ix86+x86_64 0.4-1 162.00 536.00 698.00 OK
r-patched-linux-x86_64 0.4-1 169.32 552.18 721.50 OK
r-patched-solaris-x86 0.4-1 1294.50 OK
r-release-linux-x86_64 0.4-1 162.11 552.58 714.69 OK
r-release-macos-x86_64 0.4-1 NOTE
r-release-windows-ix86+x86_64 0.4-1 144.00 509.00 653.00 OK
r-oldrel-macos-x86_64 0.4-1 NOTE
r-oldrel-windows-ix86+x86_64 0.4-1 147.00 578.00 725.00 OK

Check Details

Version: 0.4-1
Check: installed package size
Result: NOTE
     installed size is 16.5Mb
     sub-directories of 1Mb or more:
     libs 15.2Mb
Flavors: r-devel-linux-x86_64-fedora-clang, r-release-macos-x86_64, r-oldrel-macos-x86_64

Version: 0.4-1
Check: Rd cross-references
Result: NOTE
    Undeclared package ‘Hmisc’ in Rd xrefs
Flavor: r-devel-linux-x86_64-fedora-clang