CRAN Package Check Results for Package sfdep

Last updated on 2022-08-13 07:11:46 CEST.

Flavor Version Tinstall Tcheck Ttotal Status Flags
r-devel-linux-x86_64-debian-clang 0.1.0 31.15 366.63 397.78 ERROR
r-devel-linux-x86_64-debian-gcc 0.1.0 26.18 266.40 292.58 ERROR
r-devel-linux-x86_64-fedora-clang 0.1.0 504.26 ERROR
r-devel-linux-x86_64-fedora-gcc 0.1.0 492.01 ERROR
r-devel-windows-x86_64 0.1.0 56.00 375.00 431.00 ERROR
r-patched-linux-x86_64 0.1.0 32.45 337.51 369.96 OK
r-release-linux-x86_64 0.1.0 34.91 342.58 377.49 OK
r-release-macos-arm64 0.1.0 102.00 OK
r-release-macos-x86_64 0.1.0 142.00 OK
r-release-windows-x86_64 0.1.0 48.00 370.00 418.00 OK
r-oldrel-macos-arm64 0.1.0 90.00 OK
r-oldrel-macos-x86_64 0.1.0 152.00 OK
r-oldrel-windows-ix86+x86_64 0.1.0 68.00 376.00 444.00 OK

Check Details

Version: 0.1.0
Check: PDF version of manual
Result: WARN
    LaTeX errors when creating PDF version.
    This typically indicates Rd problems.
    LaTeX errors found:
    ! LaTeX Error: Unicode character â<c2><88>£ (U+2223)
     not set up for use with LaTeX.
    
    See the LaTeX manual or LaTeX Companion for explanation.
    Type H <return> for immediate help.
    ! LaTeX Error: Unicode character â<c2><88>£ (U+2223)
     not set up for use with LaTeX.
    
    See the LaTeX manual or LaTeX Companion for explanation.
    Type H <return> for immediate help.
    ! LaTeX Error: Unicode character â<c2><88><c2><92> (U+2212)
     not set up for use with LaTeX.
    
    See the LaTeX manual or LaTeX Companion for explanation.
    Type H <return> for immediate help.
    ! LaTeX Error: Unicode character â<c2><88>£ (U+2223)
     not set up for use with LaTeX.
    
    See the LaTeX manual or LaTeX Companion for explanation.
    Type H <return> for immediate help.
    ! LaTeX Error: Unicode character â<c2><88>£ (U+2223)
     not set up for use with LaTeX.
    
    See the LaTeX manual or LaTeX Companion for explanation.
    Type H <return> for immediate help.
    ! LaTeX Error: Unicode character â<c2><88>£ (U+2223)
     not set up for use with LaTeX.
    
    See the LaTeX manual or LaTeX Companion for explanation.
    Type H <return> for immediate help.
    ! LaTeX Error: Unicode character â<c2><88>£ (U+2223)
     not set up for use with LaTeX.
    
    See the LaTeX manual or LaTeX Companion for explanation.
    Type H <return> for immediate help.
    ! LaTeX Error: Unicode character â<c2><88><c2><92> (U+2212)
     not set up for use with LaTeX.
    
    See the LaTeX manual or LaTeX Companion for explanation.
    Type H <return> for immediate help.
    ! LaTeX Error: Unicode character â<c2><88>£ (U+2223)
     not set up for use with LaTeX.
    
    See the LaTeX manual or LaTeX Companion for explanation.
    Type H <return> for immediate help.
    ! LaTeX Error: Unicode character â<c2><88>£ (U+2223)
     not set up for use with LaTeX.
    
    See the LaTeX manual or LaTeX Companion for explanation.
    Type H <return> for immediate help.
    ! LaTeX Error: Unicode character â<c2><88><c2><92> (U+2212)
     not set up for use with LaTeX.
    
    See the LaTeX manual or LaTeX Companion for explanation.
    Type H <return> for immediate help.
    ! LaTeX Error: Unicode character â<c2><88>£ (U+2223)
     not set up for use with LaTeX.
    
    See the LaTeX manual or LaTeX Companion for explanation.
    Type H <return> for immediate help.
    ! LaTeX Error: Unicode character â<c2><88>£ (U+2223)
     not set up for use with LaTeX.
    
    See the LaTeX manual or LaTeX Companion for explanation.
    Type H <return> for immediate help.
    ! LaTeX Error: Unicode character â<c2><88><c2><92> (U+2212)
     not set up for use with LaTeX.
    
    See the LaTeX manual or LaTeX Companion for explanation.
    Type H <return> for immediate help.
Flavor: r-devel-linux-x86_64-debian-clang

Version: 0.1.0
Check: PDF version of manual without index
Result: ERROR
Flavors: r-devel-linux-x86_64-debian-clang, r-devel-linux-x86_64-debian-gcc, r-devel-linux-x86_64-fedora-clang, r-devel-linux-x86_64-fedora-gcc, r-devel-windows-x86_64

Version: 0.1.0
Check: HTML version of manual
Result: NOTE
    Found the following HTML validation problems:
    st_as_edges.html:59:261: Warning: inserting implicit <p>
    st_as_edges.html:59:261: Warning: trimming empty <p>
Flavors: r-devel-linux-x86_64-debian-clang, r-devel-linux-x86_64-debian-gcc

Version: 0.1.0
Check: for non-standard things in the check directory
Result: NOTE
    Found the following files/directories:
     'sfdep-manual.tex'
Flavors: r-devel-linux-x86_64-debian-clang, r-devel-linux-x86_64-debian-gcc, r-devel-linux-x86_64-fedora-clang, r-devel-linux-x86_64-fedora-gcc

Version: 0.1.0
Check: PDF version of manual
Result: WARN
    LaTeX errors when creating PDF version.
    This typically indicates Rd problems.
    LaTeX errors found:
    ! LaTeX Error: Unicode character ∣ (U+2223)
     not set up for use with LaTeX.
    
    See the LaTeX manual or LaTeX Companion for explanation.
    Type H <return> for immediate help.
    ! LaTeX Error: Unicode character ∣ (U+2223)
     not set up for use with LaTeX.
    
    See the LaTeX manual or LaTeX Companion for explanation.
    Type H <return> for immediate help.
    ! LaTeX Error: Unicode character − (U+2212)
     not set up for use with LaTeX.
    
    See the LaTeX manual or LaTeX Companion for explanation.
    Type H <return> for immediate help.
    ! LaTeX Error: Unicode character ∣ (U+2223)
     not set up for use with LaTeX.
    
    See the LaTeX manual or LaTeX Companion for explanation.
    Type H <return> for immediate help.
    ! LaTeX Error: Unicode character ∣ (U+2223)
     not set up for use with LaTeX.
    
    See the LaTeX manual or LaTeX Companion for explanation.
    Type H <return> for immediate help.
    ! LaTeX Error: Unicode character ∣ (U+2223)
     not set up for use with LaTeX.
    
    See the LaTeX manual or LaTeX Companion for explanation.
    Type H <return> for immediate help.
    ! LaTeX Error: Unicode character ∣ (U+2223)
     not set up for use with LaTeX.
    
    See the LaTeX manual or LaTeX Companion for explanation.
    Type H <return> for immediate help.
    ! LaTeX Error: Unicode character − (U+2212)
     not set up for use with LaTeX.
    
    See the LaTeX manual or LaTeX Companion for explanation.
    Type H <return> for immediate help.
    ! LaTeX Error: Unicode character ∣ (U+2223)
     not set up for use with LaTeX.
    
    See the LaTeX manual or LaTeX Companion for explanation.
    Type H <return> for immediate help.
    ! LaTeX Error: Unicode character ∣ (U+2223)
     not set up for use with LaTeX.
    
    See the LaTeX manual or LaTeX Companion for explanation.
    Type H <return> for immediate help.
    ! LaTeX Error: Unicode character − (U+2212)
     not set up for use with LaTeX.
    
    See the LaTeX manual or LaTeX Companion for explanation.
    Type H <return> for immediate help.
    ! LaTeX Error: Unicode character ∣ (U+2223)
     not set up for use with LaTeX.
    
    See the LaTeX manual or LaTeX Companion for explanation.
    Type H <return> for immediate help.
    ! LaTeX Error: Unicode character ∣ (U+2223)
     not set up for use with LaTeX.
    
    See the LaTeX manual or LaTeX Companion for explanation.
    Type H <return> for immediate help.
    ! LaTeX Error: Unicode character − (U+2212)
     not set up for use with LaTeX.
    
    See the LaTeX manual or LaTeX Companion for explanation.
    Type H <return> for immediate help.
Flavors: r-devel-linux-x86_64-debian-gcc, r-devel-linux-x86_64-fedora-clang, r-devel-linux-x86_64-fedora-gcc

Version: 0.1.0
Check: PDF version of manual
Result: WARN
    LaTeX errors when creating PDF version.
    This typically indicates Rd problems.
    LaTeX errors found:
    ! Package inputenc Error: Unicode character ∣ (U+2223)
    (inputenc) not set up for use with LaTeX.
    
    See the inputenc package documentation for explanation.
    Type H <return> for immediate help.
    ! Package inputenc Error: Unicode character ∣ (U+2223)
    (inputenc) not set up for use with LaTeX.
    
    See the inputenc package documentation for explanation.
    Type H <return> for immediate help.
    ! Package inputenc Error: Unicode character − (U+2212)
    (inputenc) not set up for use with LaTeX.
    
    See the inputenc package documentation for explanation.
    Type H <return> for immediate help.
    ! Package inputenc Error: Unicode character ∣ (U+2223)
    (inputenc) not set up for use with LaTeX.
    
    See the inputenc package documentation for explanation.
    Type H <return> for immediate help.
    ! Package inputenc Error: Unicode character ∣ (U+2223)
    (inputenc) not set up for use with LaTeX.
    
    See the inputenc package documentation for explanation.
    Type H <return> for immediate help.
    ! Package inputenc Error: Unicode character ∣ (U+2223)
    (inputenc) not set up for use with LaTeX.
    
    See the inputenc package documentation for explanation.
    Type H <return> for immediate help.
    ! Package inputenc Error: Unicode character ∣ (U+2223)
    (inputenc) not set up for use with LaTeX.
    
    See the inputenc package documentation for explanation.
    Type H <return> for immediate help.
    ! Package inputenc Error: Unicode character − (U+2212)
    (inputenc) not set up for use with LaTeX.
    
    See the inputenc package documentation for explanation.
    Type H <return> for immediate help.
    ! Package inputenc Error: Unicode character ∣ (U+2223)
    (inputenc) not set up for use with LaTeX.
    
    See the inputenc package documentation for explanation.
    Type H <return> for immediate help.
    ! Package inputenc Error: Unicode character ∣ (U+2223)
    (inputenc) not set up for use with LaTeX.
    
    See the inputenc package documentation for explanation.
    Type H <return> for immediate help.
    ! Package inputenc Error: Unicode character − (U+2212)
    (inputenc) not set up for use with LaTeX.
    
    See the inputenc package documentation for explanation.
    Type H <return> for immediate help.
    ! Package inputenc Error: Unicode character ∣ (U+2223)
    (inputenc) not set up for use with LaTeX.
    
    See the inputenc package documentation for explanation.
    Type H <return> for immediate help.
    ! Package inputenc Error: Unicode character ∣ (U+2223)
    (inputenc) not set up for use with LaTeX.
    
    See the inputenc package documentation for explanation.
    Type H <return> for immediate help.
    ! Package inputenc Error: Unicode character − (U+2212)
    (inputenc) not set up for use with LaTeX.
    
    See the inputenc package documentation for explanation.
    Type H <return> for immediate help.
Flavor: r-devel-windows-x86_64