CRAN Package Check Results for Package sfsmisc

Last updated on 2020-02-23 10:49:04 CET.

Flavor Version Tinstall Tcheck Ttotal Status Flags
r-devel-linux-x86_64-debian-clang 1.1-5 7.90 53.56 61.46 ERROR
r-devel-linux-x86_64-debian-gcc 1.1-5 7.03 49.69 56.72 OK
r-devel-linux-x86_64-fedora-clang 1.1-5 87.87 OK
r-devel-linux-x86_64-fedora-gcc 1.1-5 88.98 OK
r-devel-windows-ix86+x86_64 1.1-5 12.00 80.00 92.00 OK
r-devel-windows-ix86+x86_64-gcc8 1.1-5 15.00 106.00 121.00 OK
r-patched-linux-x86_64 1.1-5 OK
r-patched-solaris-x86 1.1-5 100.40 OK
r-release-linux-x86_64 1.1-5 7.32 58.34 65.66 OK
r-release-windows-ix86+x86_64 1.1-5 11.00 76.00 87.00 OK
r-release-osx-x86_64 1.1-5 ERROR
r-oldrel-windows-ix86+x86_64 1.1-5 15.00 66.00 81.00 OK
r-oldrel-osx-x86_64 1.1-5 ERROR

Check Details

Version: 1.1-5
Check: examples
Result: ERROR
    Running examples in 'sfsmisc-Ex.R' failed
    The error most likely occurred in:
    
    > base::assign(".ptime", proc.time(), pos = "CheckExEnv")
    > ### Encoding: UTF-8
    >
    > ### Name: AsciiToInt
    > ### Title: Character to and from Integer Codes Conversion
    > ### Aliases: AsciiToInt ichar chars8bit strcodes
    > ### Keywords: manip
    >
    > ### ** Examples
    >
    > chars8bit(65:70)#-> "A" "B" .. "F"
    [1] "A" "B" "C" "D" "E" "F"
    > stopifnot(identical(LETTERS, chars8bit(65:90)),
    + identical(AsciiToInt(LETTERS), 65:90))
    >
    > ## may only work in ISO-latin1 locale (not in UTF-8):
    > <ERROR: re-encoding failure from encoding 'latin1'>
    try( strcodes(c(a= "ABC", ch="1234", place = "ZÃ...
    + ## in "latin-1" gives {otherwise should give NA instead of 252}:
    Error: unexpected symbol in:
    "try( strcodes(c(a= "ABC", ch="1234", place = "ZÃ...
    ## in "latin"
    Execution halted
Flavor: r-devel-linux-x86_64-debian-clang

Version: 1.1-5
Check: dependencies in R code
Result: NOTE
    No protocol specified
    No protocol specified
Flavors: r-release-osx-x86_64, r-oldrel-osx-x86_64

Version: 1.1-5
Check: examples
Result: ERROR
    Running examples in ‘sfsmisc-Ex.R’ failed
    The error most likely occurred in:
    
    > ### Name: pkgLibs
    > ### Title: R Package Compiled Code Library Dependencies (on Unix-alikes)
    > ### Aliases: pkgLibs
    > ### Keywords: interface
    >
    > ### ** Examples
    >
    > # for the example only using standard R packages :
    > myPkgs <- c("stats", "MASS", "rpart", "Matrix")
    > pl <- pkgLibs(myPkgs)
    sh: ldd: command not found
    Error in system(paste(cmd, so), intern = TRUE) : error in running command
    Calls: pkgLibs -> lapply -> FUN -> lapply -> FUN -> sub -> system
    Execution halted
Flavors: r-release-osx-x86_64, r-oldrel-osx-x86_64