CRAN Package Check Results for Package sfsmisc

Last updated on 2019-09-22 08:48:26 CEST.

Flavor Version Tinstall Tcheck Ttotal Status Flags
r-devel-linux-x86_64-debian-clang 1.1-4 7.37 47.37 54.74 ERROR
r-devel-linux-x86_64-debian-gcc 1.1-4 5.90 45.71 51.61 NOTE
r-devel-linux-x86_64-fedora-clang 1.1-4 79.64 NOTE
r-devel-linux-x86_64-fedora-gcc 1.1-4 78.15 NOTE
r-devel-windows-ix86+x86_64 1.1-4 18.00 79.00 97.00 OK
r-patched-linux-x86_64 1.1-4 7.10 57.96 65.06 OK
r-patched-solaris-x86 1.1-4 101.70 OK
r-release-linux-x86_64 1.1-4 8.05 58.67 66.72 OK
r-release-windows-ix86+x86_64 1.1-4 13.00 74.00 87.00 OK
r-release-osx-x86_64 1.1-4 OK
r-oldrel-windows-ix86+x86_64 1.1-4 10.00 89.00 99.00 OK
r-oldrel-osx-x86_64 1.1-4 OK

Check Details

Version: 1.1-4
Check: examples
Result: ERROR
    Running examples in 'sfsmisc-Ex.R' failed
    The error most likely occurred in:
    
    > base::assign(".ptime", proc.time(), pos = "CheckExEnv")
    > ### Encoding: UTF-8
    >
    > ### Name: AsciiToInt
    > ### Title: Character to and from Integer Codes Conversion
    > ### Aliases: AsciiToInt ichar chars8bit strcodes
    > ### Keywords: manip
    >
    > ### ** Examples
    >
    > chars8bit(65:70)#-> "A" "B" .. "F"
    [1] "A" "B" "C" "D" "E" "F"
    > stopifnot(identical(LETTERS, chars8bit(65:90)),
    + identical(AsciiToInt(LETTERS), 65:90))
    >
    > ## may only work in ISO-latin1 locale (not in UTF-8):
    > <ERROR: re-encoding failure from encoding 'latin1'>
    try( strcodes(c(a= "ABC", ch="1234", place = "ZÃ...
    + ## in "latin-1" gives {otherwise should give NA instead of 252}:
    Error: unexpected symbol in:
    "try( strcodes(c(a= "ABC", ch="1234", place = "ZÃ...
    ## in "latin"
    Execution halted
Flavor: r-devel-linux-x86_64-debian-clang

Version: 1.1-4
Check: for non-standard things in the check directory
Result: NOTE
    Found the following files/directories:
     ‘ex2.eps’ ‘mat.tex’
Flavors: r-devel-linux-x86_64-debian-gcc, r-devel-linux-x86_64-fedora-clang, r-devel-linux-x86_64-fedora-gcc