CRAN Package Check Results for Package sglasso

Last updated on 2020-02-17 17:52:24 CET.

Flavor Version Tinstall Tcheck Ttotal Status Flags
r-devel-linux-x86_64-debian-clang 1.2.4 10.35 64.26 74.61 OK
r-devel-linux-x86_64-debian-gcc 1.2.4 8.04 51.72 59.76 OK
r-devel-linux-x86_64-fedora-clang 1.2.4 90.71 OK
r-devel-linux-x86_64-fedora-gcc 1.2.4 92.67 OK
r-devel-windows-ix86+x86_64 1.2.4 23.00 94.00 117.00 OK
r-devel-windows-ix86+x86_64-gcc8 1.2.4 32.00 88.00 120.00 OK
r-patched-linux-x86_64 1.2.4 8.28 56.29 64.57 OK
r-patched-solaris-x86 1.2.4 123.00 OK
r-release-linux-x86_64 1.2.4 8.40 55.48 63.88 OK
r-release-windows-ix86+x86_64 1.2.4 24.00 86.00 110.00 OK
r-release-osx-x86_64 1.2.4 OK
r-oldrel-windows-ix86+x86_64 1.2.3 16.00 119.00 135.00 OK
r-oldrel-osx-x86_64 1.2.4 ERROR

Check Details

Version: 1.2.4
Check: whether package can be installed
Result: ERROR
    Installation failed.
Flavor: r-oldrel-osx-x86_64