CRAN Package Check Results for Package shapper

Last updated on 2022-12-02 19:49:50 CET.

Flavor Version Tinstall Tcheck Ttotal Status Flags
r-devel-linux-x86_64-debian-clang 0.1.3 12.06 107.95 120.01 NOTE
r-devel-linux-x86_64-debian-gcc 0.1.3 9.24 79.25 88.49 NOTE
r-devel-linux-x86_64-fedora-clang 0.1.3 154.10 NOTE
r-devel-linux-x86_64-fedora-gcc 0.1.3 150.45 NOTE
r-devel-windows-x86_64 0.1.3 18.00 138.00 156.00 NOTE
r-patched-linux-x86_64 0.1.3 6.68 98.65 105.33 NOTE
r-release-linux-x86_64 0.1.3 7.08 100.00 107.08 NOTE
r-release-macos-arm64 0.1.3 43.00 NOTE
r-release-macos-x86_64 0.1.3 72.00 NOTE
r-release-windows-x86_64 0.1.3 23.00 148.00 171.00 NOTE
r-oldrel-macos-arm64 0.1.3 46.00 NOTE
r-oldrel-macos-x86_64 0.1.3 73.00 NOTE
r-oldrel-windows-ix86+x86_64 0.1.3 26.00 140.00 166.00 NOTE

Check Details

Version: 0.1.3
Check: LazyData
Result: NOTE
     'LazyData' is specified without a 'data' directory
Flavors: r-devel-linux-x86_64-debian-clang, r-devel-linux-x86_64-debian-gcc, r-devel-linux-x86_64-fedora-clang, r-devel-linux-x86_64-fedora-gcc, r-devel-windows-x86_64, r-patched-linux-x86_64, r-release-linux-x86_64, r-release-macos-arm64, r-release-macos-x86_64, r-release-windows-x86_64, r-oldrel-macos-arm64, r-oldrel-macos-x86_64, r-oldrel-windows-ix86+x86_64