CRAN Package Check Results for Package shinyBS

Last updated on 2019-08-21 17:46:30 CEST.

Flavor Version Tinstall Tcheck Ttotal Status Flags
r-devel-linux-x86_64-debian-clang 0.61 3.31 26.33 29.64 NOTE
r-devel-linux-x86_64-debian-gcc 0.61 NOTE
r-devel-linux-x86_64-fedora-clang 0.61 34.79 NOTE
r-devel-linux-x86_64-fedora-gcc 0.61 38.78 NOTE
r-devel-windows-ix86+x86_64 0.61 9.00 47.00 56.00 NOTE
r-patched-linux-x86_64 0.61 2.73 26.00 28.73 NOTE
r-patched-solaris-x86 0.61 56.20 NOTE
r-release-linux-x86_64 0.61 2.11 26.03 28.14 NOTE
r-release-windows-ix86+x86_64 0.61 7.00 39.00 46.00 NOTE
r-release-osx-x86_64 0.61 NOTE
r-oldrel-windows-ix86+x86_64 0.61 7.00 51.00 58.00 NOTE
r-oldrel-osx-x86_64 0.61 NOTE

Check Details

Version: 0.61
Check: R code for possible problems
Result: NOTE
    popify: no visible global function definition for 'runif'
    tipify: no visible global function definition for 'runif'
    Undefined global functions or variables:
     runif
    Consider adding
     importFrom("stats", "runif")
    to your NAMESPACE file.
Flavors: r-devel-linux-x86_64-debian-clang, r-devel-linux-x86_64-debian-gcc, r-devel-linux-x86_64-fedora-clang, r-devel-linux-x86_64-fedora-gcc, r-devel-windows-ix86+x86_64, r-patched-linux-x86_64, r-patched-solaris-x86, r-release-linux-x86_64, r-release-windows-ix86+x86_64, r-release-osx-x86_64, r-oldrel-windows-ix86+x86_64, r-oldrel-osx-x86_64