CRAN Package Check Results for Package shinyBS

Last updated on 2019-12-12 19:51:09 CET.

Flavor Version Tinstall Tcheck Ttotal Status Flags
r-devel-linux-x86_64-debian-clang 0.61 2.82 28.29 31.11 NOTE
r-devel-linux-x86_64-debian-gcc 0.61 2.80 22.54 25.34 NOTE
r-devel-linux-x86_64-fedora-clang 0.61 39.10 NOTE
r-devel-linux-x86_64-fedora-gcc 0.61 37.93 NOTE
r-devel-windows-ix86+x86_64 0.61 9.00 55.00 64.00 NOTE
r-devel-windows-ix86+x86_64-gcc8 0.61 9.00 60.00 69.00 NOTE
r-patched-linux-x86_64 0.61 2.18 26.37 28.55 NOTE
r-patched-solaris-x86 0.61 55.50 NOTE
r-release-linux-x86_64 0.61 2.34 26.50 28.84 NOTE
r-release-windows-ix86+x86_64 0.61 6.00 43.00 49.00 NOTE
r-release-osx-x86_64 0.61 NOTE
r-oldrel-windows-ix86+x86_64 0.61 4.00 48.00 52.00 NOTE
r-oldrel-osx-x86_64 0.61 NOTE

Check Details

Version: 0.61
Check: R code for possible problems
Result: NOTE
    popify: no visible global function definition for 'runif'
    tipify: no visible global function definition for 'runif'
    Undefined global functions or variables:
     runif
    Consider adding
     importFrom("stats", "runif")
    to your NAMESPACE file.
Flavors: r-devel-linux-x86_64-debian-clang, r-devel-linux-x86_64-debian-gcc, r-devel-linux-x86_64-fedora-clang, r-devel-linux-x86_64-fedora-gcc, r-devel-windows-ix86+x86_64, r-devel-windows-ix86+x86_64-gcc8, r-patched-linux-x86_64, r-patched-solaris-x86, r-release-linux-x86_64, r-release-windows-ix86+x86_64, r-release-osx-x86_64, r-oldrel-windows-ix86+x86_64, r-oldrel-osx-x86_64