Last updated on 2023-12-02 03:57:55 CET.
Flavor | Version | Tinstall | Tcheck | Ttotal | Status | Flags |
---|---|---|---|---|---|---|
r-devel-linux-x86_64-debian-clang | 0.4.2 | 4.68 | 40.90 | 45.58 | NOTE | |
r-devel-linux-x86_64-debian-gcc | 0.4.2 | 3.15 | 31.78 | 34.93 | NOTE | |
r-devel-linux-x86_64-fedora-clang | 0.4.2 | 57.20 | OK | |||
r-devel-linux-x86_64-fedora-gcc | 0.4.2 | 55.04 | OK | |||
r-devel-windows-x86_64 | 0.4.2 | 6.00 | 56.00 | 62.00 | OK | |
r-patched-linux-x86_64 | 0.4.2 | 3.29 | 40.20 | 43.49 | OK | |
r-release-linux-x86_64 | 0.4.2 | 2.71 | 40.07 | 42.78 | OK | |
r-release-macos-arm64 | 0.4.2 | 24.00 | OK | |||
r-release-macos-x86_64 | 0.4.2 | 30.00 | OK | |||
r-release-windows-x86_64 | 0.4.2 | 6.00 | 59.00 | 65.00 | OK | |
r-oldrel-macos-arm64 | 0.4.2 | 21.00 | OK | |||
r-oldrel-macos-x86_64 | 0.4.2 | 31.00 | OK | |||
r-oldrel-windows-x86_64 | 0.4.2 | 7.00 | 63.00 | 70.00 | OK |
Version: 0.4.2
Check: Rd files
Result: NOTE
checkRd: (-1) js_calls.Rd:63: Lost braces in \itemize; meant \describe ?
checkRd: (-1) js_calls.Rd:64: Lost braces in \itemize; meant \describe ?
checkRd: (-1) js_calls.Rd:65-66: Lost braces in \itemize; meant \describe ?
checkRd: (-1) js_calls.Rd:67: Lost braces in \itemize; meant \describe ?
checkRd: (-1) js_calls.Rd:68: Lost braces in \itemize; meant \describe ?
checkRd: (-1) js_calls.Rd:69: Lost braces in \itemize; meant \describe ?
checkRd: (-1) pickCheckboxNamesAndLabels.Rd:14: Lost braces
14 | \item{choices}{link{pickCheckboxInput} choices list.}
| ^
Flavors: r-devel-linux-x86_64-debian-clang, r-devel-linux-x86_64-debian-gcc