CRAN Package Check Results for Package shinyIRT

Last updated on 2022-06-25 02:52:28 CEST.

Flavor Version Tinstall Tcheck Ttotal Status Flags
r-devel-linux-x86_64-debian-clang 0.1 12.06 94.42 106.48 NOTE
r-devel-linux-x86_64-debian-gcc 0.1 8.92 72.96 81.88 NOTE
r-devel-linux-x86_64-fedora-clang 0.1 138.20 NOTE
r-devel-linux-x86_64-fedora-gcc 0.1 150.62 NOTE
r-devel-windows-x86_64 0.1 13.00 122.00 135.00 NOTE
r-patched-linux-x86_64 0.1 11.95 92.54 104.49 NOTE
r-release-linux-x86_64 0.1 9.71 93.59 103.30 NOTE
r-release-macos-arm64 0.1 37.00 NOTE
r-release-macos-x86_64 0.1 70.00 NOTE
r-release-windows-x86_64 0.1 19.00 113.00 132.00 NOTE
r-oldrel-macos-arm64 0.1 59.00 NOTE
r-oldrel-macos-x86_64 0.1 91.00 NOTE
r-oldrel-windows-ix86+x86_64 0.1 28.00 115.00 143.00 NOTE

Check Details

Version: 0.1
Check: LazyData
Result: NOTE
     'LazyData' is specified without a 'data' directory
Flavors: r-devel-linux-x86_64-debian-clang, r-devel-linux-x86_64-debian-gcc, r-devel-linux-x86_64-fedora-clang, r-devel-linux-x86_64-fedora-gcc, r-devel-windows-x86_64, r-patched-linux-x86_64, r-release-linux-x86_64, r-release-macos-arm64, r-release-macos-x86_64, r-release-windows-x86_64, r-oldrel-macos-arm64, r-oldrel-macos-x86_64, r-oldrel-windows-ix86+x86_64