CRAN Package Check Results for Package shinyML

Last updated on 2023-11-30 23:55:55 CET.

Flavor Version Tinstall Tcheck Ttotal Status Flags
r-devel-linux-x86_64-debian-clang 1.0.1 14.92 112.88 127.80 NOTE
r-devel-linux-x86_64-debian-gcc 1.0.1 13.91 82.88 96.79 NOTE
r-devel-linux-x86_64-fedora-clang 1.0.1 158.99 NOTE
r-devel-linux-x86_64-fedora-gcc 1.0.1 151.19 NOTE
r-devel-windows-x86_64 1.0.1 14.00 91.00 105.00 NOTE
r-patched-linux-x86_64 1.0.1 11.78 104.67 116.45 NOTE
r-release-linux-x86_64 1.0.1 10.41 106.82 117.23 NOTE
r-release-macos-arm64 1.0.1 44.00 NOTE
r-release-macos-x86_64 1.0.1 86.00 NOTE
r-release-windows-x86_64 1.0.1 19.00 114.00 133.00 NOTE
r-oldrel-macos-arm64 1.0.1 43.00 NOTE
r-oldrel-macos-x86_64 1.0.1 73.00 NOTE
r-oldrel-windows-x86_64 1.0.1 21.00 124.00 145.00 NOTE

Check Details

Version: 1.0.1
Check: LazyData
Result: NOTE 'LazyData' is specified without a 'data' directory Flavors: r-devel-linux-x86_64-debian-clang, r-devel-linux-x86_64-debian-gcc, r-devel-linux-x86_64-fedora-clang, r-devel-linux-x86_64-fedora-gcc, r-devel-windows-x86_64, r-patched-linux-x86_64, r-release-linux-x86_64, r-release-macos-arm64, r-release-macos-x86_64, r-release-windows-x86_64, r-oldrel-macos-arm64, r-oldrel-macos-x86_64, r-oldrel-windows-x86_64