CRAN Package Check Results for Package shinyMatrix

Last updated on 2021-04-16 08:48:41 CEST.

Flavor Version Tinstall Tcheck Ttotal Status Flags
r-devel-linux-x86_64-debian-clang 0.4.0 2.90 33.76 36.66 NOTE
r-devel-linux-x86_64-debian-gcc 0.4.0 2.49 26.56 29.05 NOTE
r-devel-linux-x86_64-fedora-clang 0.4.0 56.26 NOTE
r-devel-linux-x86_64-fedora-gcc 0.4.0 43.59 NOTE
r-devel-windows-ix86+x86_64 0.4.0 11.00 46.00 57.00 NOTE
r-devel-windows-x86_64-gcc10-UCRT 0.4.0 NOTE
r-patched-linux-x86_64 0.4.0 3.27 32.37 35.64 OK
r-patched-solaris-x86 0.4.0 69.60 OK
r-release-linux-x86_64 0.4.0 2.80 32.42 35.22 OK
r-release-macos-x86_64 0.4.0 OK
r-release-windows-ix86+x86_64 0.4.0 30.00 56.00 86.00 OK
r-oldrel-macos-x86_64 0.4.0 OK
r-oldrel-windows-ix86+x86_64 0.4.0 5.00 52.00 57.00 OK

Check Details

Version: 0.4.0
Check: LazyData
Result: NOTE
     'LazyData' is specified without a 'data' directory
Flavors: r-devel-linux-x86_64-debian-clang, r-devel-linux-x86_64-debian-gcc, r-devel-linux-x86_64-fedora-clang, r-devel-linux-x86_64-fedora-gcc, r-devel-windows-ix86+x86_64, r-devel-windows-x86_64-gcc10-UCRT