CRAN Package Check Results for Package shinyMolBio

Last updated on 2023-02-02 18:54:41 CET.

Flavor Version Tinstall Tcheck Ttotal Status Flags
r-devel-linux-x86_64-debian-clang 0.2 9.54 75.91 85.45 NOTE
r-devel-linux-x86_64-debian-gcc 0.2 6.96 55.31 62.27 NOTE
r-devel-linux-x86_64-fedora-clang 0.2 111.43 NOTE
r-devel-linux-x86_64-fedora-gcc 0.2 104.61 NOTE
r-patched-linux-x86_64 0.2 8.36 75.21 83.57 NOTE
r-release-linux-x86_64 0.2 7.10 75.72 82.82 NOTE
r-release-macos-arm64 0.2 35.00 NOTE
r-release-macos-x86_64 0.2 56.00 NOTE
r-release-windows-x86_64 0.2 28.00 114.00 142.00 NOTE
r-oldrel-macos-arm64 0.2 44.00 NOTE
r-oldrel-macos-x86_64 0.2 59.00 NOTE
r-oldrel-windows-ix86+x86_64 0.2 23.00 105.00 128.00 NOTE

Check Details

Version: 0.2
Check: LazyData
Result: NOTE
     'LazyData' is specified without a 'data' directory
Flavors: r-devel-linux-x86_64-debian-clang, r-devel-linux-x86_64-debian-gcc, r-devel-linux-x86_64-fedora-clang, r-devel-linux-x86_64-fedora-gcc, r-patched-linux-x86_64, r-release-linux-x86_64, r-release-macos-arm64, r-release-macos-x86_64, r-release-windows-x86_64, r-oldrel-macos-arm64, r-oldrel-macos-x86_64, r-oldrel-windows-ix86+x86_64