CRAN Package Check Results for Package shinycustomloader

Last updated on 2022-10-03 04:59:40 CEST.

Flavor Version Tinstall Tcheck Ttotal Status Flags
r-devel-linux-x86_64-debian-clang 0.9.0 2.77 37.70 40.47 NOTE
r-devel-linux-x86_64-debian-gcc 0.9.0 2.64 29.66 32.30 NOTE
r-devel-linux-x86_64-fedora-clang 0.9.0 66.00 NOTE
r-devel-linux-x86_64-fedora-gcc 0.9.0 58.17 NOTE
r-devel-windows-x86_64 0.9.0 30.00 69.00 99.00 NOTE
r-patched-linux-x86_64 0.9.0 2.73 36.44 39.17 NOTE
r-release-linux-x86_64 0.9.0 2.61 36.41 39.02 NOTE
r-release-macos-arm64 0.9.0 20.00 NOTE
r-release-macos-x86_64 0.9.0 38.00 NOTE
r-release-windows-x86_64 0.9.0 26.00 71.00 97.00 NOTE
r-oldrel-macos-arm64 0.9.0 27.00 NOTE
r-oldrel-macos-x86_64 0.9.0 42.00 NOTE
r-oldrel-windows-ix86+x86_64 0.9.0 10.00 62.00 72.00 NOTE

Check Details

Version: 0.9.0
Check: LazyData
Result: NOTE
     'LazyData' is specified without a 'data' directory
Flavors: r-devel-linux-x86_64-debian-clang, r-devel-linux-x86_64-debian-gcc, r-devel-linux-x86_64-fedora-clang, r-devel-linux-x86_64-fedora-gcc, r-devel-windows-x86_64, r-patched-linux-x86_64, r-release-linux-x86_64, r-release-macos-arm64, r-release-macos-x86_64, r-release-windows-x86_64, r-oldrel-macos-arm64, r-oldrel-macos-x86_64, r-oldrel-windows-ix86+x86_64