CRAN Package Check Results for Package shinyfilter

Last updated on 2022-09-27 14:53:41 CEST.

Flavor Version Tinstall Tcheck Ttotal Status Flags
r-devel-linux-x86_64-debian-clang 0.1.1 2.56 23.03 25.59 OK
r-devel-linux-x86_64-debian-gcc 0.1.1 1.99 17.81 19.80 OK
r-devel-linux-x86_64-fedora-clang 0.1.1 44.79 NOTE
r-devel-linux-x86_64-fedora-gcc 0.1.1 40.41 NOTE
r-devel-windows-x86_64 0.1.1 16.00 49.00 65.00 OK
r-patched-linux-x86_64 0.1.1 1.71 22.05 23.76 OK
r-release-linux-x86_64 0.1.1 1.92 21.72 23.64 OK
r-release-macos-arm64 0.1.1 17.00 NOTE
r-release-macos-x86_64 0.1.1 24.00 NOTE
r-release-windows-x86_64 0.1.1 12.00 50.00 62.00 OK
r-oldrel-macos-arm64 0.1.1 17.00 NOTE
r-oldrel-macos-x86_64 0.1.1 26.00 NOTE
r-oldrel-windows-ix86+x86_64 0.1.1 9.00 44.00 53.00 OK

Check Details

Version: 0.1.1
Check: dependencies in R code
Result: NOTE
    Namespace in Imports field not imported from: ‘reactable’
     All declared Imports should be used.
Flavors: r-devel-linux-x86_64-fedora-clang, r-devel-linux-x86_64-fedora-gcc, r-release-macos-arm64, r-release-macos-x86_64, r-oldrel-macos-arm64, r-oldrel-macos-x86_64