CRAN Package Check Results for Package shinyfullscreen

Last updated on 2022-10-01 18:54:25 CEST.

Flavor Version Tinstall Tcheck Ttotal Status Flags
r-devel-linux-x86_64-debian-clang 1.1.0 3.09 38.98 42.07 NOTE
r-devel-linux-x86_64-debian-gcc 1.1.0 2.39 29.96 32.35 NOTE
r-devel-linux-x86_64-fedora-clang 1.1.0 66.36 NOTE
r-devel-linux-x86_64-fedora-gcc 1.1.0 58.73 NOTE
r-devel-windows-x86_64 1.1.0 17.00 67.00 84.00 NOTE
r-patched-linux-x86_64 1.1.0 3.27 38.01 41.28 NOTE
r-release-linux-x86_64 1.1.0 2.61 38.12 40.73 NOTE
r-release-macos-arm64 1.1.0 19.00 NOTE
r-release-macos-x86_64 1.1.0 41.00 NOTE
r-release-windows-x86_64 1.1.0 23.00 65.00 88.00 NOTE
r-oldrel-macos-arm64 1.1.0 21.00 NOTE
r-oldrel-macos-x86_64 1.1.0 31.00 NOTE
r-oldrel-windows-ix86+x86_64 1.1.0 16.00 64.00 80.00 NOTE

Check Details

Version: 1.1.0
Check: LazyData
Result: NOTE
     'LazyData' is specified without a 'data' directory
Flavors: r-devel-linux-x86_64-debian-clang, r-devel-linux-x86_64-debian-gcc, r-devel-linux-x86_64-fedora-clang, r-devel-linux-x86_64-fedora-gcc, r-devel-windows-x86_64, r-patched-linux-x86_64, r-release-linux-x86_64, r-release-macos-arm64, r-release-macos-x86_64, r-release-windows-x86_64, r-oldrel-macos-arm64, r-oldrel-macos-x86_64, r-oldrel-windows-ix86+x86_64