CRAN Package Check Results for Package shinyhelper

Last updated on 2022-12-09 15:56:02 CET.

Flavor Version Tinstall Tcheck Ttotal Status Flags
r-devel-linux-x86_64-debian-clang 0.3.2 2.49 22.64 25.13 OK
r-devel-linux-x86_64-debian-gcc 0.3.2 1.56 18.12 19.68 OK
r-devel-linux-x86_64-fedora-clang 0.3.2 41.63 NOTE
r-devel-linux-x86_64-fedora-gcc 0.3.2 40.47 NOTE
r-devel-windows-x86_64 0.3.2 15.00 49.00 64.00 OK
r-patched-linux-x86_64 0.3.2 2.25 22.15 24.40 OK
r-release-linux-x86_64 0.3.2 1.70 22.31 24.01 OK
r-release-macos-arm64 0.3.2 14.00 NOTE
r-release-macos-x86_64 0.3.2 28.00 NOTE
r-release-windows-x86_64 0.3.2 14.00 51.00 65.00 OK
r-oldrel-macos-arm64 0.3.2 18.00 NOTE
r-oldrel-macos-x86_64 0.3.2 26.00 NOTE
r-oldrel-windows-ix86+x86_64 0.3.2 6.00 45.00 51.00 OK

Check Details

Version: 0.3.2
Check: dependencies in R code
Result: NOTE
    Namespace in Imports field not imported from: ‘markdown’
     All declared Imports should be used.
Flavors: r-devel-linux-x86_64-fedora-clang, r-devel-linux-x86_64-fedora-gcc, r-release-macos-arm64, r-release-macos-x86_64, r-oldrel-macos-arm64, r-oldrel-macos-x86_64