CRAN Package Check Results for Package shinyjs

Last updated on 2019-08-21 01:47:41 CEST.

Flavor Version Tinstall Tcheck Ttotal Status Flags
r-devel-linux-x86_64-debian-clang 1.0 2.87 30.43 33.30 OK
r-devel-linux-x86_64-debian-gcc 1.0 2.39 24.47 26.86 OK
r-devel-linux-x86_64-fedora-clang 1.0 38.37 NOTE
r-devel-linux-x86_64-fedora-gcc 1.0 41.53 NOTE
r-devel-windows-ix86+x86_64 1.0 11.00 54.00 65.00 OK
r-patched-linux-x86_64 1.0 2.54 30.16 32.70 OK
r-patched-solaris-x86 1.0 57.50 NOTE
r-release-linux-x86_64 1.0 2.56 30.56 33.12 OK
r-release-windows-ix86+x86_64 1.0 6.00 48.00 54.00 OK
r-release-osx-x86_64 1.0 NOTE
r-oldrel-windows-ix86+x86_64 1.0 7.00 59.00 66.00 OK
r-oldrel-osx-x86_64 1.0 NOTE

Check Details

Version: 1.0
Check: dependencies in R code
Result: NOTE
    Namespace in Imports field not imported from: ‘htmltools’
     All declared Imports should be used.
Flavors: r-devel-linux-x86_64-fedora-clang, r-devel-linux-x86_64-fedora-gcc, r-patched-solaris-x86, r-release-osx-x86_64, r-oldrel-osx-x86_64