CRAN Package Check Results for Package shinyjs

Last updated on 2019-12-14 20:46:45 CET.

Flavor Version Tinstall Tcheck Ttotal Status Flags
r-devel-linux-x86_64-debian-clang 1.0 3.06 33.17 36.23 OK
r-devel-linux-x86_64-debian-gcc 1.0 2.53 25.98 28.51 OK
r-devel-linux-x86_64-fedora-clang 1.0 42.51 NOTE
r-devel-linux-x86_64-fedora-gcc 1.0 41.19 NOTE
r-devel-windows-ix86+x86_64 1.0 7.00 73.00 80.00 OK
r-devel-windows-ix86+x86_64-gcc8 1.0 9.00 74.00 83.00 OK
r-patched-linux-x86_64 1.0 2.38 31.00 33.38 OK
r-patched-solaris-x86 1.0 54.90 NOTE
r-release-linux-x86_64 1.0 2.60 31.07 33.67 OK
r-release-windows-ix86+x86_64 1.0 6.00 52.00 58.00 OK
r-release-osx-x86_64 1.0 NOTE
r-oldrel-windows-ix86+x86_64 1.0 5.00 46.00 51.00 OK
r-oldrel-osx-x86_64 1.0 NOTE

Check Details

Version: 1.0
Check: dependencies in R code
Result: NOTE
    Namespace in Imports field not imported from: ‘htmltools’
     All declared Imports should be used.
Flavors: r-devel-linux-x86_64-fedora-clang, r-devel-linux-x86_64-fedora-gcc, r-patched-solaris-x86, r-release-osx-x86_64, r-oldrel-osx-x86_64