CRAN Package Check Results for Package shinyrecap

Last updated on 2019-09-18 19:46:39 CEST.

Flavor Version Tinstall Tcheck Ttotal Status Flags
r-devel-linux-x86_64-debian-clang 0.1.0 1.99 25.96 27.95 OK
r-devel-linux-x86_64-debian-gcc 0.1.0 1.72 19.84 21.56 OK
r-devel-linux-x86_64-fedora-clang 0.1.0 35.57 NOTE
r-devel-linux-x86_64-fedora-gcc 0.1.0 33.57 NOTE
r-devel-windows-ix86+x86_64 0.1.0 19.00 37.00 56.00 OK
r-patched-linux-x86_64 0.1.0 1.82 25.13 26.95 OK
r-patched-solaris-x86 0.1.0 48.10 NOTE
r-release-linux-x86_64 0.1.0 1.66 25.38 27.04 OK
r-release-windows-ix86+x86_64 0.1.0 5.00 38.00 43.00 OK
r-release-osx-x86_64 0.1.0 NOTE
r-oldrel-windows-ix86+x86_64 0.1.0 3.00 38.00 41.00 OK
r-oldrel-osx-x86_64 0.1.0 NOTE

Check Details

Version: 0.1.0
Check: dependencies in R code
Result: NOTE
    Namespaces in Imports field not imported from:
     ‘CARE1’ ‘LCMCR’ ‘coda’ ‘conting’ ‘dga’ ‘future’ ‘ggplot2’ ‘ipc’
     ‘promises’ ‘reshape’ ‘shinycssloaders’ ‘testthat’
     All declared Imports should be used.
Flavors: r-devel-linux-x86_64-fedora-clang, r-devel-linux-x86_64-fedora-gcc, r-patched-solaris-x86, r-release-osx-x86_64, r-oldrel-osx-x86_64