CRAN Package Check Results for Package shinyrecap

Last updated on 2020-02-27 20:48:39 CET.

Flavor Version Tinstall Tcheck Ttotal Status Flags
r-devel-linux-x86_64-debian-clang 0.1.0 2.33 29.63 31.96 OK
r-devel-linux-x86_64-debian-gcc 0.1.0 1.90 22.54 24.44 OK
r-devel-linux-x86_64-fedora-clang 0.1.0 39.45 NOTE
r-devel-linux-x86_64-fedora-gcc 0.1.0 36.99 NOTE
r-devel-windows-ix86+x86_64 0.1.0 8.00 42.00 50.00 OK
r-devel-windows-ix86+x86_64-gcc8 0.1.0 8.00 47.00 55.00 OK
r-patched-linux-x86_64 0.1.0 1.91 26.52 28.43 OK
r-patched-solaris-x86 0.1.0 52.20 NOTE
r-release-linux-x86_64 0.1.0 1.87 26.37 28.24 OK
r-release-windows-ix86+x86_64 0.1.0 6.00 40.00 46.00 OK
r-release-osx-x86_64 0.1.0 NOTE
r-oldrel-windows-ix86+x86_64 0.1.0 3.00 49.00 52.00 OK
r-oldrel-osx-x86_64 0.1.0 NOTE

Check Details

Version: 0.1.0
Check: dependencies in R code
Result: NOTE
    Namespaces in Imports field not imported from:
     ‘CARE1’ ‘LCMCR’ ‘coda’ ‘conting’ ‘dga’ ‘future’ ‘ggplot2’ ‘ipc’
     ‘promises’ ‘reshape’ ‘shinycssloaders’ ‘testthat’
     All declared Imports should be used.
Flavors: r-devel-linux-x86_64-fedora-clang, r-devel-linux-x86_64-fedora-gcc, r-patched-solaris-x86, r-release-osx-x86_64, r-oldrel-osx-x86_64