CRAN Package Check Results for Package shinyscreenshot

Last updated on 2021-04-16 08:48:41 CEST.

Flavor Version Tinstall Tcheck Ttotal Status Flags
r-devel-linux-x86_64-debian-clang 0.1.0 1.71 20.70 22.41 NOTE
r-devel-linux-x86_64-debian-gcc 0.1.0 1.62 16.30 17.92 NOTE
r-devel-linux-x86_64-fedora-clang 0.1.0 38.61 NOTE
r-devel-linux-x86_64-fedora-gcc 0.1.0 26.93 NOTE
r-devel-windows-ix86+x86_64 0.1.0 5.00 31.00 36.00 NOTE
r-devel-windows-x86_64-gcc10-UCRT 0.1.0 NOTE
r-patched-linux-x86_64 0.1.0 1.97 20.44 22.41 OK
r-patched-solaris-x86 0.1.0 43.00 OK
r-release-linux-x86_64 0.1.0 1.87 20.01 21.88 OK
r-release-macos-x86_64 0.1.0 OK
r-release-windows-ix86+x86_64 0.1.0 18.00 40.00 58.00 OK
r-oldrel-macos-x86_64 0.1.0 OK
r-oldrel-windows-ix86+x86_64 0.1.0 3.00 29.00 32.00 OK

Check Details

Version: 0.1.0
Check: LazyData
Result: NOTE
     'LazyData' is specified without a 'data' directory
Flavors: r-devel-linux-x86_64-debian-clang, r-devel-linux-x86_64-debian-gcc, r-devel-linux-x86_64-fedora-clang, r-devel-linux-x86_64-fedora-gcc, r-devel-windows-ix86+x86_64, r-devel-windows-x86_64-gcc10-UCRT