CRAN Package Check Results for Package sigminer

Last updated on 2020-12-05 13:48:22 CET.

Flavor Version Tinstall Tcheck Ttotal Status Flags
r-devel-linux-x86_64-debian-clang 1.1.0 46.83 238.58 285.41 OK
r-devel-linux-x86_64-debian-gcc 1.1.0 31.29 177.61 208.90 OK
r-devel-linux-x86_64-fedora-clang 1.1.0 326.85 NOTE
r-devel-linux-x86_64-fedora-gcc 1.1.0 319.12 OK
r-devel-windows-ix86+x86_64 1.1.0 65.00 437.00 502.00 NOTE
r-patched-linux-x86_64 1.1.0 26.39 217.65 244.04 OK
r-patched-solaris-x86 1.1.0 389.90 NOTE
r-release-linux-x86_64 1.1.0 26.68 216.66 243.34 OK
r-release-macos-x86_64 1.1.0 ERROR
r-release-windows-ix86+x86_64 1.1.0 66.00 323.00 389.00 NOTE
r-oldrel-macos-x86_64 1.1.0 ERROR
r-oldrel-windows-ix86+x86_64 1.1.0 75.00 324.00 399.00 NOTE

Check Details

Version: 1.1.0
Check: installed package size
Result: NOTE
     installed size is 6.7Mb
     sub-directories of 1Mb or more:
     extdata 4.0Mb
Flavors: r-devel-linux-x86_64-fedora-clang, r-devel-windows-ix86+x86_64, r-patched-solaris-x86, r-release-windows-ix86+x86_64, r-oldrel-windows-ix86+x86_64

Version: 1.1.0
Check: package dependencies
Result: ERROR
    Package required but not available: ‘maftools’
    
    See section ‘The DESCRIPTION file’ in the ‘Writing R Extensions’
    manual.
Flavor: r-release-macos-x86_64

Version: 1.1.0
Check: package dependencies
Result: ERROR
    Package required but not available: ‘maftools’
    
    Package suggested but not available for checking: ‘BSgenome.Hsapiens.UCSC.hg19’
    
    See section ‘The DESCRIPTION file’ in the ‘Writing R Extensions’
    manual.
Flavor: r-oldrel-macos-x86_64