CRAN Package Check Results for Package signal

Last updated on 2024-06-16 19:53:29 CEST.

Flavor Version Tinstall Tcheck Ttotal Status Flags
r-devel-linux-x86_64-debian-clang 1.8-0 8.91 50.06 58.97 OK
r-devel-linux-x86_64-debian-gcc 1.8-0 6.06 36.74 42.80 WARN
r-devel-linux-x86_64-fedora-clang 1.8-0 70.74 WARN
r-devel-linux-x86_64-fedora-gcc 1.8-0 68.14 WARN
r-devel-windows-x86_64 1.8-0 10.00 67.00 77.00 WARN
r-patched-linux-x86_64 1.8-0 8.33 48.56 56.89 WARN
r-release-linux-x86_64 1.8-0 6.62 47.17 53.79 OK
r-release-macos-arm64 1.8-0 24.00 OK
r-release-macos-x86_64 1.8-0 38.00 OK
r-release-windows-x86_64 1.8-0 9.00 68.00 77.00 OK
r-oldrel-macos-arm64 1.8-0 39.00 OK
r-oldrel-macos-x86_64 1.8-0 74.00 OK
r-oldrel-windows-x86_64 1.8-0 12.00 73.00 85.00 OK

Check Details

Version: 1.8-0
Check: whether package can be installed
Result: WARN Found the following significant warnings: Warning: Fortran 2018 deleted feature: Arithmetic IF statement at (1) See ‘/home/hornik/tmp/R.check/r-devel-gcc/Work/PKGS/signal.Rcheck/00install.out’ for details. * used C compiler: ‘gcc-13 (Debian 13.2.0-25) 13.2.0’ * used Fortran compiler: ‘GNU Fortran (Debian 13.2.0-25) 13.2.0’ Flavor: r-devel-linux-x86_64-debian-gcc

Version: 1.8-0
Check: whether package can be installed
Result: WARN Found the following significant warnings: ./dpchim.f:212:10: portability: deprecated usage ./dpchim.f:212:10: in the context: arithmetic IF statement See ‘/data/gannet/ripley/R/packages/tests-clang/signal.Rcheck/00install.out’ for details. * used C compiler: ‘clang version 18.1.6’ * used Fortran compiler: ‘flang-new version 18.1.6’ Flavor: r-devel-linux-x86_64-fedora-clang

Version: 1.8-0
Check: compiled code
Result: NOTE File ‘signal/libs/signal.so’: Found no calls to: ‘R_registerRoutines’, ‘R_useDynamicSymbols’ It is good practice to register native routines and to disable symbol search. See ‘Writing portable packages’ in the ‘Writing R Extensions’ manual. Flavors: r-devel-linux-x86_64-fedora-clang, r-devel-linux-x86_64-fedora-gcc

Version: 1.8-0
Check: whether package can be installed
Result: WARN Found the following significant warnings: Warning: Fortran 2018 deleted feature: Arithmetic IF statement at (1) See ‘/data/gannet/ripley/R/packages/tests-devel/signal.Rcheck/00install.out’ for details. * used C compiler: ‘gcc-14 (GCC) 14.1.0’ * used Fortran compiler: ‘GNU Fortran (GCC) 14.1.0’ Flavor: r-devel-linux-x86_64-fedora-gcc

Version: 1.8-0
Check: whether package can be installed
Result: WARN Found the following significant warnings: Warning: Fortran 2018 deleted feature: Arithmetic IF statement at (1) See 'd:/Rcompile/CRANpkg/local/4.5/signal.Rcheck/00install.out' for details. * used C compiler: 'gcc.exe (GCC) 13.2.0' * used Fortran compiler: 'GNU Fortran (GCC) 13.2.0' Flavor: r-devel-windows-x86_64

Version: 1.8-0
Check: whether package can be installed
Result: WARN Found the following significant warnings: Warning: Fortran 2018 deleted feature: Arithmetic IF statement at (1) See ‘/home/hornik/tmp/R.check/r-patched-gcc/Work/PKGS/signal.Rcheck/00install.out’ for details. * used C compiler: ‘gcc-13 (Debian 13.2.0-25) 13.2.0’ * used Fortran compiler: ‘GNU Fortran (Debian 13.2.0-25) 13.2.0’ Flavor: r-patched-linux-x86_64