CRAN Package Check Results for Package simba

Last updated on 2020-01-23 06:53:23 CET.

Flavor Version Tinstall Tcheck Ttotal Status Flags
r-devel-linux-x86_64-debian-clang 0.3-5 11.31 113.75 125.06 OK
r-devel-linux-x86_64-debian-gcc 0.3-5 9.08 85.74 94.82 OK
r-devel-linux-x86_64-fedora-clang 0.3-5 147.58 NOTE
r-devel-linux-x86_64-fedora-gcc 0.3-5 145.72 OK
r-devel-windows-ix86+x86_64 0.3-5 27.00 158.00 185.00 OK
r-devel-windows-ix86+x86_64-gcc8 0.3-5 28.00 127.00 155.00 OK
r-patched-linux-x86_64 0.3-5 10.09 102.33 112.42 OK
r-patched-solaris-x86 0.3-5 186.00 OK
r-release-linux-x86_64 0.3-5 9.04 103.35 112.39 OK
r-release-windows-ix86+x86_64 0.3-5 17.00 150.00 167.00 OK
r-release-osx-x86_64 0.3-5 FAIL
r-oldrel-windows-ix86+x86_64 0.3-5 9.00 120.00 129.00 OK
r-oldrel-osx-x86_64 0.3-5 OK

Check Details

Version: 0.3-5
Check: package dependencies
Result: NOTE
    Suggests orphaned packages:
     ‘gplots’ ‘geoR’
Flavor: r-devel-linux-x86_64-fedora-clang

Version: 0.3-5
Check: examples
Result: FAIL
Flavor: r-release-osx-x86_64