CRAN Package Check Results for Package simba

Last updated on 2019-09-15 10:48:16 CEST.

Flavor Version Tinstall Tcheck Ttotal Status Flags
r-devel-linux-x86_64-debian-clang 0.3-5 10.97 103.74 114.71 OK
r-devel-linux-x86_64-debian-gcc 0.3-5 9.14 81.17 90.31 OK
r-devel-linux-x86_64-fedora-clang 0.3-5 136.05 OK
r-devel-linux-x86_64-fedora-gcc 0.3-5 133.38 OK
r-devel-windows-ix86+x86_64 0.3-5 26.00 143.00 169.00 OK
r-patched-linux-x86_64 0.3-5 10.56 103.02 113.58 OK
r-patched-solaris-x86 0.3-5 191.30 OK
r-release-linux-x86_64 0.3-5 10.82 101.87 112.69 OK
r-release-windows-ix86+x86_64 0.3-5 18.00 160.00 178.00 OK
r-release-osx-x86_64 0.3-5 OK
r-oldrel-windows-ix86+x86_64 0.3-5 18.00 109.00 127.00 OK
r-oldrel-osx-x86_64 0.3-5 OK

Check Details

Version: 0.3-5
Check: examples
Result: FAIL
    
Flavor: r-release-osx-x86_64