Last updated on 2023-11-30 23:55:55 CET.
Flavor | Version | Tinstall | Tcheck | Ttotal | Status | Flags |
---|---|---|---|---|---|---|
r-devel-linux-x86_64-debian-clang | 0.1.1 | 64.35 | 37.03 | 101.38 | WARN | |
r-devel-linux-x86_64-debian-gcc | 0.1.2 | 43.24 | 28.20 | 71.44 | OK | |
r-devel-linux-x86_64-fedora-clang | 0.1.2 | 162.19 | OK | |||
r-devel-linux-x86_64-fedora-gcc | 0.1.2 | 166.23 | OK | |||
r-devel-windows-x86_64 | 0.1.1 | 46.00 | 74.00 | 120.00 | NOTE | |
r-patched-linux-x86_64 | 0.1.1 | 47.85 | 35.67 | 83.52 | NOTE | |
r-release-linux-x86_64 | 0.1.1 | 48.12 | 35.78 | 83.90 | NOTE | |
r-release-macos-arm64 | 0.1.2 | 58.00 | OK | |||
r-release-macos-x86_64 | 0.1.1 | 73.00 | NOTE | |||
r-release-windows-x86_64 | 0.1.2 | 66.00 | 85.00 | 151.00 | OK | |
r-oldrel-macos-arm64 | 0.1.2 | 42.00 | OK | |||
r-oldrel-macos-x86_64 | 0.1.1 | 48.00 | OK | |||
r-oldrel-windows-x86_64 | 0.1.1 | 58.00 | 79.00 | 137.00 | OK |
Version: 0.1.1
Check: whether package can be installed
Result: WARN
Found the following significant warnings:
RcppExports.cpp:46:18: warning: format string is not a string literal (potentially insecure) [-Wformat-security]
RcppExports.cpp:81:18: warning: format string is not a string literal (potentially insecure) [-Wformat-security]
RcppExports.cpp:118:18: warning: format string is not a string literal (potentially insecure) [-Wformat-security]
RcppExports.cpp:155:18: warning: format string is not a string literal (potentially insecure) [-Wformat-security]
RcppExports.cpp:192:18: warning: format string is not a string literal (potentially insecure) [-Wformat-security]
RcppExports.cpp:226:18: warning: format string is not a string literal (potentially insecure) [-Wformat-security]
RcppExports.cpp:261:18: warning: format string is not a string literal (potentially insecure) [-Wformat-security]
RcppExports.cpp:296:18: warning: format string is not a string literal (potentially insecure) [-Wformat-security]
RcppExports.cpp:332:18: warning: format string is not a string literal (potentially insecure) [-Wformat-security]
RcppExports.cpp:366:18: warning: format string is not a string literal (potentially insecure) [-Wformat-security]
RcppExports.cpp:402:18: warning: format string is not a string literal (potentially insecure) [-Wformat-security]
See ‘/home/hornik/tmp/R.check/r-devel-clang/Work/PKGS/simcdm.Rcheck/00install.out’ for details.
* used C++ compiler: ‘Debian clang version 17.0.5 (1)’
Flavor: r-devel-linux-x86_64-debian-clang
Version: 0.1.1
Check: C++ specification
Result: NOTE
Specified C++11: please drop specification unless essential
Flavors: r-devel-linux-x86_64-debian-clang, r-devel-windows-x86_64, r-patched-linux-x86_64, r-release-linux-x86_64, r-release-macos-x86_64