Last updated on 2023-03-30 08:53:51 CEST.
Flavor | Version | Tinstall | Tcheck | Ttotal | Status | Flags |
---|---|---|---|---|---|---|
r-devel-linux-x86_64-debian-clang | 1.2.0 | 6.78 | 243.50 | 250.28 | OK | |
r-devel-linux-x86_64-debian-gcc | 1.2.0 | 4.77 | 173.48 | 178.25 | OK | |
r-devel-linux-x86_64-fedora-clang | 1.2.0 | 298.62 | NOTE | |||
r-devel-linux-x86_64-fedora-gcc | 1.2.0 | 296.30 | NOTE | |||
r-patched-linux-x86_64 | 1.2.0 | 6.31 | 233.84 | 240.15 | OK | |
r-release-linux-x86_64 | 1.2.0 | 4.72 | 233.36 | 238.08 | OK | |
r-release-macos-arm64 | 1.2.0 | 59.00 | NOTE | |||
r-release-macos-x86_64 | 1.2.0 | 87.00 | NOTE | |||
r-release-windows-x86_64 | 1.2.0 | 38.00 | 292.00 | 330.00 | OK | |
r-oldrel-macos-arm64 | 1.2.0 | 82.00 | NOTE | |||
r-oldrel-macos-x86_64 | 1.2.0 | 139.00 | NOTE | |||
r-oldrel-windows-ix86+x86_64 | 1.2.0 | 10.00 | 287.00 | 297.00 | OK |
Version: 1.2.0
Check: dependencies in R code
Result: NOTE
Namespace in Imports field not imported from: ‘quadprog’
All declared Imports should be used.
Flavors: r-devel-linux-x86_64-fedora-clang, r-devel-linux-x86_64-fedora-gcc, r-release-macos-arm64, r-release-macos-x86_64, r-oldrel-macos-arm64, r-oldrel-macos-x86_64