CRAN Package Check Results for Package simsem

Last updated on 2024-02-28 08:54:42 CET.

Flavor Version Tinstall Tcheck Ttotal Status Flags
r-devel-linux-x86_64-debian-clang 0.5-16 17.84 151.67 169.51 NOTE
r-devel-linux-x86_64-debian-gcc 0.5-16 15.42 109.45 124.87 NOTE
r-devel-linux-x86_64-fedora-clang 0.5-16 218.38 NOTE
r-devel-linux-x86_64-fedora-gcc 0.5-16 202.14 NOTE
r-devel-windows-x86_64 0.5-16 18.00 129.00 147.00 OK
r-patched-linux-x86_64 0.5-16 23.84 146.68 170.52 OK
r-release-linux-x86_64 0.5-16 20.59 146.22 166.81 OK
r-release-macos-arm64 0.5-16 56.00 OK
r-release-macos-x86_64 0.5-16 98.00 NOTE
r-release-windows-x86_64 0.5-16 18.00 164.00 182.00 OK
r-oldrel-macos-arm64 0.5-16 54.00 OK
r-oldrel-windows-x86_64 0.5-16 29.00 158.00 187.00 OK

Check Details

Version: 0.5-16
Check: Rd files
Result: NOTE checkRd: (-1) SimDataDist-class.Rd:28: Lost braces in \itemize; meant \describe ? checkRd: (-1) SimDataDist-class.Rd:29: Lost braces in \itemize; meant \describe ? checkRd: (-1) createData.Rd:7: Lost braces 7 | This function can be used to create data from a set of parameters created from \code{\link{draw}}, called a code{paramSet}. This function is used internally to create data, and is available publicly for accessibility and debugging. | ^ checkRd: (-1) exportData.Rd:7: Lost braces 7 | This function can be used to export data created from a set of parameters created from \code{\link{draw}}, called a code{paramSet}. This function can export data to be analyzed with either Mplus or LISREL. | ^ Flavors: r-devel-linux-x86_64-debian-clang, r-devel-linux-x86_64-debian-gcc, r-devel-linux-x86_64-fedora-clang, r-devel-linux-x86_64-fedora-gcc

Version: 0.5-16
Check: package dependencies
Result: NOTE Packages suggested but not available for checking: 'quantreg', 'semTools', 'OpenMx', 'copula' Flavor: r-release-macos-x86_64

Version: 0.5-16
Check: Rd cross-references
Result: NOTE Package unavailable to check Rd xrefs: ‘copula’ Flavor: r-release-macos-x86_64