CRAN Package Check Results for Package singleCellHaystack

Last updated on 2022-08-15 13:52:11 CEST.

Flavor Version Tinstall Tcheck Ttotal Status Flags
r-devel-linux-x86_64-debian-clang 0.3.4 11.60 231.64 243.24 OK
r-devel-linux-x86_64-debian-gcc 0.3.4 10.51 175.61 186.12 OK
r-devel-linux-x86_64-fedora-clang 0.3.4 302.95 OK
r-devel-linux-x86_64-fedora-gcc 0.3.4 299.56 OK
r-devel-windows-x86_64 0.3.4 122.00 258.00 380.00 OK
r-patched-linux-x86_64 0.3.4 13.42 221.33 234.75 OK
r-release-linux-x86_64 0.3.4 10.87 221.90 232.77 OK
r-release-macos-arm64 0.3.4 91.00 NOTE
r-release-macos-x86_64 0.3.4 181.00 OK
r-release-windows-x86_64 0.3.4 161.00 253.00 414.00 OK
r-oldrel-macos-arm64 0.3.4 112.00 NOTE
r-oldrel-macos-x86_64 0.3.4 173.00 OK
r-oldrel-windows-ix86+x86_64 0.3.4 26.00 261.00 287.00 OK

Check Details

Version: 0.3.4
Check: package dependencies
Result: NOTE
    Packages suggested but not available for checking:
     'SummarizedExperiment', 'SingleCellExperiment'
Flavors: r-release-macos-arm64, r-oldrel-macos-arm64