CRAN Package Check Results for Package siteymlgen

Last updated on 2022-10-04 16:56:13 CEST.

Flavor Version Tinstall Tcheck Ttotal Status Flags
r-devel-linux-x86_64-debian-clang 1.0.0 2.40 28.47 30.87 NOTE
r-devel-linux-x86_64-debian-gcc 1.0.0 1.96 22.41 24.37 NOTE
r-devel-linux-x86_64-fedora-clang 1.0.0 51.13 NOTE
r-devel-linux-x86_64-fedora-gcc 1.0.0 47.00 NOTE
r-devel-windows-x86_64 1.0.0 15.00 63.00 78.00 NOTE
r-patched-linux-x86_64 1.0.0 1.67 27.94 29.61 NOTE
r-release-linux-x86_64 1.0.0 2.35 26.97 29.32 NOTE
r-release-macos-arm64 1.0.0 18.00 NOTE
r-release-macos-x86_64 1.0.0 29.00 NOTE
r-release-windows-x86_64 1.0.0 12.00 65.00 77.00 NOTE
r-oldrel-macos-arm64 1.0.0 22.00 NOTE
r-oldrel-macos-x86_64 1.0.0 29.00 NOTE
r-oldrel-windows-ix86+x86_64 1.0.0 7.00 54.00 61.00 NOTE

Check Details

Version: 1.0.0
Check: LazyData
Result: NOTE
     'LazyData' is specified without a 'data' directory
Flavors: r-devel-linux-x86_64-debian-clang, r-devel-linux-x86_64-debian-gcc, r-devel-linux-x86_64-fedora-clang, r-devel-linux-x86_64-fedora-gcc, r-devel-windows-x86_64, r-patched-linux-x86_64, r-release-linux-x86_64, r-release-macos-arm64, r-release-macos-x86_64, r-release-windows-x86_64, r-oldrel-macos-arm64, r-oldrel-macos-x86_64, r-oldrel-windows-ix86+x86_64

Version: 1.0.0
Check: dependencies in R code
Result: NOTE
    Namespaces in Imports field not imported from:
     ‘data.table’ ‘dplyr’ ‘lubridate’ ‘rmarkdown’ ‘yaml’
     All declared Imports should be used.
Flavors: r-devel-linux-x86_64-fedora-clang, r-devel-linux-x86_64-fedora-gcc, r-release-macos-arm64, r-release-macos-x86_64, r-oldrel-macos-arm64, r-oldrel-macos-x86_64