CRAN Package Check Results for Package sjPlot

Last updated on 2020-06-06 14:46:58 CEST.

Flavor Version Tinstall Tcheck Ttotal Status Flags
r-devel-linux-x86_64-debian-clang 2.8.4 24.85 462.03 486.88 OK
r-devel-linux-x86_64-debian-gcc 2.8.4 21.30 343.06 364.36 OK
r-devel-linux-x86_64-fedora-clang 2.8.4 581.40 OK
r-devel-linux-x86_64-fedora-gcc 2.8.4 564.58 OK
r-devel-windows-ix86+x86_64 2.8.4 60.00 584.00 644.00 OK
r-patched-linux-x86_64 2.8.4 23.59 445.96 469.55 NOTE
r-patched-solaris-x86 2.8.4 775.00 OK
r-release-linux-x86_64 2.8.4 27.34 443.15 470.49 NOTE
r-release-osx-x86_64 2.8.4 OK
r-release-windows-ix86+x86_64 2.8.4 66.00 616.00 682.00 OK
r-oldrel-osx-x86_64 2.8.4 OK
r-oldrel-windows-ix86+x86_64 2.8.4 56.00 452.00 508.00 OK

Check Details

Version: 2.8.4
Check: package dependencies
Result: NOTE
    Package suggested but not available for checking: ‘rstanarm’
Flavors: r-patched-linux-x86_64, r-release-linux-x86_64