CRAN Package Check Results for Package sjPlot

Last updated on 2020-08-13 11:50:19 CEST.

Flavor Version Tinstall Tcheck Ttotal Status Flags
r-devel-linux-x86_64-debian-clang 2.8.4 0.85 2.69 3.54 ERROR
r-devel-linux-x86_64-debian-gcc 2.8.4 20.03 328.53 348.56 NOTE
r-devel-linux-x86_64-fedora-clang 2.8.4 465.59 NOTE
r-devel-linux-x86_64-fedora-gcc 2.8.4 561.37 NOTE
r-devel-windows-ix86+x86_64 2.8.4 64.00 605.00 669.00 OK
r-patched-linux-x86_64 2.8.4 27.69 428.18 455.87 NOTE
r-patched-solaris-x86 2.8.4 727.30 NOTE
r-release-linux-x86_64 2.8.4 0.90 2.72 3.62 ERROR
r-release-macos-x86_64 2.8.4 OK
r-release-windows-ix86+x86_64 2.8.4 59.00 583.00 642.00 OK
r-oldrel-macos-x86_64 2.8.4 OK
r-oldrel-windows-ix86+x86_64 2.8.4 38.00 446.00 484.00 OK

Check Details

Version: 2.8.4
Check: package dependencies
Result: ERROR
    Packages required but not available: 'sjstats', 'tidyr'
    
    Package suggested but not available for checking: 'clubSandwich'
    
    See section 'The DESCRIPTION file' in the 'Writing R Extensions'
    manual.
Flavors: r-devel-linux-x86_64-debian-clang, r-release-linux-x86_64

Version: 2.8.4
Check: package dependencies
Result: NOTE
    Package suggested but not available for checking: ‘clubSandwich’
Flavors: r-devel-linux-x86_64-debian-gcc, r-devel-linux-x86_64-fedora-clang, r-devel-linux-x86_64-fedora-gcc, r-patched-linux-x86_64, r-patched-solaris-x86

Version: 2.8.4
Check: Rd cross-references
Result: NOTE
    Unknown package ‘clubSandwich’ in Rd xrefs
Flavors: r-devel-linux-x86_64-debian-gcc, r-devel-linux-x86_64-fedora-gcc, r-patched-linux-x86_64, r-patched-solaris-x86

Version: 2.8.4
Check: Rd cross-references
Result: NOTE
    Undeclared packages ‘tidyselect’, ‘RColorBrewer’, ‘modelr’, ‘snakecase’ in Rd xrefs
    Unknown package ‘clubSandwich’ in Rd xrefs
Flavor: r-devel-linux-x86_64-fedora-clang