CRAN Package Check Results for Package sketch

Last updated on 2021-04-16 08:48:42 CEST.

Flavor Version Tinstall Tcheck Ttotal Status Flags
r-devel-linux-x86_64-debian-clang 1.0.3 4.70 48.96 53.66 NOTE
r-devel-linux-x86_64-debian-gcc 1.0.3 2.85 36.69 39.54 NOTE
r-devel-linux-x86_64-fedora-clang 1.0.3 71.91 NOTE
r-devel-linux-x86_64-fedora-gcc 1.0.3 61.21 NOTE
r-devel-windows-ix86+x86_64 1.0.3 12.00 55.00 67.00 NOTE
r-devel-windows-x86_64-gcc10-UCRT 1.0.3 NOTE
r-patched-linux-x86_64 1.0.3 4.05 56.97 61.02 OK
r-patched-solaris-x86 1.0.3 99.20 OK
r-release-linux-x86_64 1.0.3 4.22 56.93 61.15 OK
r-release-macos-x86_64 1.0.3 OK
r-release-windows-ix86+x86_64 1.0.3 30.00 80.00 110.00 OK
r-oldrel-macos-x86_64 1.0.3 OK
r-oldrel-windows-ix86+x86_64 1.0.3 4.00 59.00 63.00 OK

Check Details

Version: 1.0.3
Check: LazyData
Result: NOTE
     'LazyData' is specified without a 'data' directory
Flavors: r-devel-linux-x86_64-debian-clang, r-devel-linux-x86_64-debian-gcc, r-devel-linux-x86_64-fedora-clang, r-devel-linux-x86_64-fedora-gcc, r-devel-windows-ix86+x86_64, r-devel-windows-x86_64-gcc10-UCRT