CRAN Package Check Results for Package slowraker

Last updated on 2020-02-27 20:48:39 CET.

Flavor Version Tinstall Tcheck Ttotal Status Flags
r-devel-linux-x86_64-debian-clang 0.1.1 2.23 88.61 90.84 OK
r-devel-linux-x86_64-debian-gcc 0.1.1 1.65 75.06 76.71 OK
r-devel-linux-x86_64-fedora-clang 0.1.1 119.09 NOTE
r-devel-linux-x86_64-fedora-gcc 0.1.1 103.42 NOTE
r-devel-windows-ix86+x86_64 0.1.1 5.00 67.00 72.00 OK
r-devel-windows-ix86+x86_64-gcc8 0.1.1 6.00 71.00 77.00 OK
r-patched-linux-x86_64 0.1.1 1.82 89.37 91.19 OK
r-patched-solaris-x86 0.1.1 118.30 NOTE
r-release-linux-x86_64 0.1.1 1.72 91.04 92.76 OK
r-release-windows-ix86+x86_64 0.1.1 4.00 70.00 74.00 OK
r-release-osx-x86_64 0.1.1 NOTE
r-oldrel-windows-ix86+x86_64 0.1.1 2.00 69.00 71.00 OK
r-oldrel-osx-x86_64 0.1.1 NOTE

Check Details

Version: 0.1.1
Check: data for non-ASCII characters
Result: NOTE
     Note: found 2 marked Latin-1 strings
Flavors: r-devel-linux-x86_64-fedora-clang, r-devel-linux-x86_64-fedora-gcc, r-patched-solaris-x86, r-release-osx-x86_64, r-oldrel-osx-x86_64