CRAN Package Check Results for Package slp

Last updated on 2024-07-20 05:49:49 CEST.

Flavor Version Tinstall Tcheck Ttotal Status Flags
r-devel-linux-x86_64-debian-clang 1.0-5 8.35 78.72 87.07 NOTE
r-devel-linux-x86_64-debian-gcc 1.0-5 7.73 58.63 66.36 NOTE
r-devel-linux-x86_64-fedora-clang 1.0-5 110.58 NOTE
r-devel-linux-x86_64-fedora-gcc 1.0-5 107.29 NOTE
r-devel-windows-x86_64 1.0-5 13.00 81.00 94.00 NOTE
r-patched-linux-x86_64 1.0-5 9.88 73.73 83.61 NOTE
r-release-linux-x86_64 1.0-5 8.45 75.87 84.32 NOTE
r-release-macos-arm64 1.0-5 36.00 NOTE
r-release-macos-x86_64 1.0-5 64.00 NOTE
r-release-windows-x86_64 1.0-5 11.00 80.00 91.00 NOTE
r-oldrel-macos-arm64 1.0-5 38.00 NOTE
r-oldrel-macos-x86_64 1.0-5 60.00 NOTE
r-oldrel-windows-x86_64 1.0-5 14.00 93.00 107.00 NOTE

Check Details

Version: 1.0-5
Check: Rd files
Result: NOTE checkRd: (-1) slp-package.Rd:38: Escaped LaTeX specials: \& Flavors: r-devel-linux-x86_64-debian-clang, r-devel-linux-x86_64-debian-gcc, r-devel-linux-x86_64-fedora-clang, r-devel-linux-x86_64-fedora-gcc, r-devel-windows-x86_64, r-patched-linux-x86_64, r-release-linux-x86_64, r-release-macos-arm64, r-release-macos-x86_64, r-release-windows-x86_64, r-oldrel-macos-arm64, r-oldrel-macos-x86_64, r-oldrel-windows-x86_64

Version: 1.0-5
Check: compiled code
Result: NOTE File ‘slp/libs/slp.so’: Found no calls to: ‘R_registerRoutines’, ‘R_useDynamicSymbols’ It is good practice to register native routines and to disable symbol search. See ‘Writing portable packages’ in the ‘Writing R Extensions’ manual. Flavors: r-devel-linux-x86_64-fedora-clang, r-devel-linux-x86_64-fedora-gcc