CRAN Package Check Results for Package smbinning

Last updated on 2019-09-23 21:48:23 CEST.

Flavor Version Tinstall Tcheck Ttotal Status Flags
r-devel-linux-x86_64-debian-clang 0.9 13.06 122.21 135.27 OK
r-devel-linux-x86_64-debian-gcc 0.9 10.77 91.66 102.43 OK
r-devel-linux-x86_64-fedora-clang 0.9 167.49 OK
r-devel-linux-x86_64-fedora-gcc 0.9 162.81 OK
r-devel-windows-ix86+x86_64 0.9 40.00 146.00 186.00 OK
r-patched-linux-x86_64 0.9 11.40 115.67 127.07 OK
r-patched-solaris-x86 0.9 243.30 OK
r-release-linux-x86_64 0.9 12.57 117.64 130.21 OK
r-release-windows-ix86+x86_64 0.9 30.00 172.00 202.00 OK
r-release-osx-x86_64 0.9 FAIL
r-oldrel-windows-ix86+x86_64 0.9 14.00 115.00 129.00 OK
r-oldrel-osx-x86_64 0.9 OK

Check Details

Version: 0.9
Check: R code for possible problems
Result: FAIL
    
Flavor: r-release-osx-x86_64