CRAN Package Check Results for Package smoof

Last updated on 2019-08-24 18:47:06 CEST.

Flavor Version Tinstall Tcheck Ttotal Status Flags
r-devel-linux-x86_64-debian-clang 1.5.1 34.35 79.26 113.61 OK
r-devel-linux-x86_64-debian-gcc 1.5.1 27.28 61.10 88.38 OK
r-devel-linux-x86_64-fedora-clang 1.5.1 150.63 OK
r-devel-linux-x86_64-fedora-gcc 1.5.1 161.55 OK
r-devel-windows-ix86+x86_64 1.5.1 76.00 163.00 239.00 NOTE
r-patched-linux-x86_64 1.5.1 32.57 76.93 109.50 OK
r-patched-solaris-x86 1.5.1 179.20 OK
r-release-linux-x86_64 1.5.1 31.61 76.63 108.24 OK
r-release-windows-ix86+x86_64 1.5.1 113.00 185.00 298.00 NOTE
r-release-osx-x86_64 1.5.1 OK
r-oldrel-windows-ix86+x86_64 1.5.1 97.00 168.00 265.00 NOTE
r-oldrel-osx-x86_64 1.5.1 OK

Check Details

Version: 1.5.1
Check: package dependencies
Result: NOTE
    Package suggested but not available for checking: 'rPython'
Flavors: r-devel-windows-ix86+x86_64, r-release-windows-ix86+x86_64, r-oldrel-windows-ix86+x86_64