CRAN Package Check Results for Package smoof

Last updated on 2020-01-27 09:52:23 CET.

Flavor Version Tinstall Tcheck Ttotal Status Flags
r-devel-linux-x86_64-debian-clang 1.6.0 80.48 88.58 169.06 OK
r-devel-linux-x86_64-debian-gcc 1.6.0 57.71 67.24 124.95 OK
r-devel-linux-x86_64-fedora-clang 1.6.0 223.87 OK
r-devel-linux-x86_64-fedora-gcc 1.6.0 214.96 OK
r-devel-windows-ix86+x86_64 1.6.0 203.00 202.00 405.00 NOTE
r-devel-windows-ix86+x86_64-gcc8 1.6.0 231.00 208.00 439.00 NOTE
r-patched-linux-x86_64 1.6.0 58.91 80.07 138.98 OK
r-patched-solaris-x86 1.6.0 65.10 ERROR
r-release-linux-x86_64 1.6.0 59.32 80.03 139.35 OK
r-release-windows-ix86+x86_64 1.6.0 144.00 146.00 290.00 NOTE
r-release-osx-x86_64 1.6.0 OK
r-oldrel-windows-ix86+x86_64 1.6.0 122.00 134.00 256.00 NOTE
r-oldrel-osx-x86_64 1.6.0 OK

Check Details

Version: 1.6.0
Check: package dependencies
Result: NOTE
    Package suggested but not available for checking: 'rPython'
Flavors: r-devel-windows-ix86+x86_64, r-devel-windows-ix86+x86_64-gcc8, r-release-windows-ix86+x86_64, r-oldrel-windows-ix86+x86_64

Version: 1.6.0
Check: whether package can be installed
Result: ERROR
    Installation failed.
Flavor: r-patched-solaris-x86