CRAN Package Check Results for Package smoothSurv

Last updated on 2019-09-22 15:47:20 CEST.

Flavor Version Tinstall Tcheck Ttotal Status Flags
r-devel-linux-x86_64-debian-clang 2.0.1 48.50 66.75 115.25 WARN
r-devel-linux-x86_64-debian-gcc 2.0.1 36.86 53.32 90.18 WARN
r-devel-linux-x86_64-fedora-clang 2.0.1 176.30 WARN
r-devel-linux-x86_64-fedora-gcc 2.0.1 151.61 WARN
r-devel-windows-ix86+x86_64 2.0.1 104.00 101.00 205.00 WARN
r-patched-linux-x86_64 2.0.1 37.37 65.67 103.04 OK
r-patched-solaris-x86 2.0.1 176.20 OK
r-release-linux-x86_64 2.0.1 39.09 66.72 105.81 OK
r-release-windows-ix86+x86_64 2.0.1 76.00 102.00 178.00 OK
r-release-osx-x86_64 2.0.1 OK
r-oldrel-windows-ix86+x86_64 2.0.1 62.00 136.00 198.00 OK
r-oldrel-osx-x86_64 2.0.1 OK

Check Details

Version: 2.0.1
Check: whether package can be installed
Result: WARN
    Found the following significant warnings:
     createPosDef.cpp:84:12: warning: expression result unused [-Wunused-value]
Flavors: r-devel-linux-x86_64-debian-clang, r-devel-linux-x86_64-fedora-clang

Version: 2.0.1
Check: whether package can be installed
Result: WARN
    Found the following significant warnings:
     createPosDef.cpp:84:12: warning: statement has no effect [-Wunused-value]
Flavors: r-devel-linux-x86_64-debian-gcc, r-devel-linux-x86_64-fedora-gcc

Version: 2.0.1
Check: whether package can be installed
Result: WARN
    Found the following significant warnings:
     createPosDef.cpp:84:13: warning: statement has no effect [-Wunused-value]
Flavor: r-devel-windows-ix86+x86_64