CRAN Package Check Results for Package smoothie

Last updated on 2020-02-17 19:49:31 CET.

Flavor Version Tinstall Tcheck Ttotal Status Flags
r-devel-linux-x86_64-debian-clang 1.0-1 2.43 19.85 22.28 NOTE
r-devel-linux-x86_64-debian-gcc 1.0-1 1.96 15.96 17.92 NOTE
r-devel-linux-x86_64-fedora-clang 1.0-1 28.28 NOTE
r-devel-linux-x86_64-fedora-gcc 1.0-1 28.16 NOTE
r-devel-windows-ix86+x86_64 1.0-1 5.00 31.00 36.00 NOTE
r-devel-windows-ix86+x86_64-gcc8 1.0-1 7.00 31.00 38.00 NOTE
r-patched-linux-x86_64 1.0-1 2.03 18.42 20.45 NOTE
r-patched-solaris-x86 1.0-1 40.60 NOTE
r-release-linux-x86_64 1.0-1 1.77 18.45 20.22 NOTE
r-release-windows-ix86+x86_64 1.0-1 4.00 31.00 35.00 NOTE
r-release-osx-x86_64 1.0-1 NOTE
r-oldrel-windows-ix86+x86_64 1.0-1 3.00 44.00 47.00 NOTE
r-oldrel-osx-x86_64 1.0-1 NOTE

Check Details

Version: 1.0-1
Check: package dependencies
Result: NOTE
    Package suggested but not available for checking: 'SpatialVx'
Flavor: r-devel-linux-x86_64-debian-clang

Version: 1.0-1
Check: DESCRIPTION meta-information
Result: NOTE
    Malformed Description field: should contain one or more complete sentences.
Flavors: r-devel-linux-x86_64-debian-clang, r-devel-linux-x86_64-debian-gcc, r-devel-linux-x86_64-fedora-clang, r-devel-linux-x86_64-fedora-gcc, r-devel-windows-ix86+x86_64, r-devel-windows-ix86+x86_64-gcc8, r-patched-linux-x86_64, r-patched-solaris-x86, r-release-linux-x86_64, r-release-windows-ix86+x86_64, r-release-osx-x86_64, r-oldrel-windows-ix86+x86_64, r-oldrel-osx-x86_64

Version: 1.0-1
Check: R code for possible problems
Result: NOTE
    Fourier2d: no visible global function definition for 'fft'
    kernel2dsmooth: no visible global function definition for 'fft'
    Undefined global functions or variables:
     fft
    Consider adding
     importFrom("stats", "fft")
    to your NAMESPACE file.
Flavors: r-devel-linux-x86_64-debian-clang, r-devel-linux-x86_64-debian-gcc, r-devel-linux-x86_64-fedora-clang, r-devel-linux-x86_64-fedora-gcc, r-devel-windows-ix86+x86_64, r-devel-windows-ix86+x86_64-gcc8, r-patched-linux-x86_64, r-patched-solaris-x86, r-release-linux-x86_64, r-release-windows-ix86+x86_64, r-release-osx-x86_64, r-oldrel-windows-ix86+x86_64, r-oldrel-osx-x86_64