CRAN Package Check Results for Package smoothie

Last updated on 2022-06-25 02:52:28 CEST.

Flavor Version Tinstall Tcheck Ttotal Status Flags
r-devel-linux-x86_64-debian-clang 1.0-3 2.79 25.01 27.80 NOTE
r-devel-linux-x86_64-debian-gcc 1.0-3 2.18 19.57 21.75 NOTE
r-devel-linux-x86_64-fedora-clang 1.0-3 44.14 NOTE
r-devel-linux-x86_64-fedora-gcc 1.0-3 43.34 NOTE
r-devel-windows-x86_64 1.0-3 15.00 53.00 68.00 NOTE
r-patched-linux-x86_64 1.0-3 2.65 24.90 27.55 OK
r-release-linux-x86_64 1.0-3 2.05 24.76 26.81 OK
r-release-macos-arm64 1.0-3 16.00 OK
r-release-macos-x86_64 1.0-3 22.00 OK
r-release-windows-x86_64 1.0-3 12.00 55.00 67.00 OK
r-oldrel-macos-arm64 1.0-3 19.00 OK
r-oldrel-macos-x86_64 1.0-3 22.00 OK
r-oldrel-windows-ix86+x86_64 1.0-3 7.00 43.00 50.00 OK

Check Details

Version: 1.0-3
Check: Rd files
Result: NOTE
    checkRd: (-1) hoods2dsmooth.Rd:69: Escaped LaTeX specials: \&
    checkRd: (-1) kernel2dmeitsjer.Rd:75: Escaped LaTeX specials: \&
    checkRd: (-1) kernel2dsmooth.Rd:42: Escaped LaTeX specials: \&
    checkRd: (-1) smoothie-package.Rd:42: Escaped LaTeX specials: \&
Flavors: r-devel-linux-x86_64-debian-clang, r-devel-linux-x86_64-debian-gcc, r-devel-linux-x86_64-fedora-clang, r-devel-linux-x86_64-fedora-gcc, r-devel-windows-x86_64