CRAN Package Check Results for Package smoothie

Last updated on 2020-09-28 00:46:57 CEST.

Flavor Version Tinstall Tcheck Ttotal Status Flags
r-devel-linux-x86_64-debian-clang 1.0-1 2.40 21.48 23.88 NOTE
r-devel-linux-x86_64-debian-gcc 1.0-1 1.95 16.74 18.69 NOTE
r-devel-linux-x86_64-fedora-clang 1.0-1 39.97 NOTE
r-devel-linux-x86_64-fedora-gcc 1.0-1 28.74 NOTE
r-devel-windows-ix86+x86_64 1.0-1 5.00 35.00 40.00 NOTE
r-patched-linux-x86_64 1.0-1 2.53 20.60 23.13 NOTE
r-patched-solaris-x86 1.0-1 42.70 NOTE
r-release-linux-x86_64 1.0-1 2.11 21.03 23.14 NOTE
r-release-macos-x86_64 1.0-1 NOTE
r-release-windows-ix86+x86_64 1.0-1 16.00 34.00 50.00 NOTE
r-oldrel-macos-x86_64 1.0-1 NOTE
r-oldrel-windows-ix86+x86_64 1.0-1 4.00 41.00 45.00 NOTE

Check Details

Version: 1.0-1
Check: DESCRIPTION meta-information
Result: NOTE
    Malformed Description field: should contain one or more complete sentences.
Flavors: r-devel-linux-x86_64-debian-clang, r-devel-linux-x86_64-debian-gcc, r-devel-linux-x86_64-fedora-clang, r-devel-linux-x86_64-fedora-gcc, r-devel-windows-ix86+x86_64, r-patched-linux-x86_64, r-patched-solaris-x86, r-release-linux-x86_64, r-release-macos-x86_64, r-release-windows-ix86+x86_64, r-oldrel-macos-x86_64, r-oldrel-windows-ix86+x86_64

Version: 1.0-1
Check: R code for possible problems
Result: NOTE
    Fourier2d: no visible global function definition for 'fft'
    kernel2dsmooth: no visible global function definition for 'fft'
    Undefined global functions or variables:
     fft
    Consider adding
     importFrom("stats", "fft")
    to your NAMESPACE file.
Flavors: r-devel-linux-x86_64-debian-clang, r-devel-linux-x86_64-debian-gcc, r-devel-linux-x86_64-fedora-clang, r-devel-linux-x86_64-fedora-gcc, r-devel-windows-ix86+x86_64, r-patched-linux-x86_64, r-patched-solaris-x86, r-release-linux-x86_64, r-release-macos-x86_64, r-release-windows-ix86+x86_64, r-oldrel-macos-x86_64, r-oldrel-windows-ix86+x86_64