Last updated on 2023-03-29 06:53:49 CEST.
Flavor | Version | Tinstall | Tcheck | Ttotal | Status | Flags |
---|---|---|---|---|---|---|
r-devel-linux-x86_64-debian-clang | 0.2.2 | 10.07 | 81.95 | 92.02 | OK | |
r-devel-linux-x86_64-debian-gcc | 0.2.2 | 5.39 | 60.69 | 66.08 | OK | |
r-devel-linux-x86_64-fedora-clang | 0.2.2 | 110.36 | OK | |||
r-devel-linux-x86_64-fedora-gcc | 0.2.2 | 109.68 | OK | |||
r-patched-linux-x86_64 | 0.2.2 | 8.71 | 76.86 | 85.57 | OK | |
r-release-linux-x86_64 | 0.2.2 | 5.43 | 81.30 | 86.73 | OK | |
r-release-macos-arm64 | 0.2.2 | 42.00 | OK | |||
r-release-macos-x86_64 | 0.2.2 | 48.00 | OK | |||
r-release-windows-x86_64 | 0.2.2 | 23.00 | 111.00 | 134.00 | OK | |
r-oldrel-macos-arm64 | 0.2.2 | 39.00 | OK | |||
r-oldrel-macos-x86_64 | 0.2.2 | 51.00 | OK | |||
r-oldrel-windows-ix86+x86_64 | 0.2.2 | 19.00 | 111.00 | 130.00 | ERROR |
Version: 0.2.2
Check: PDF version of manual
Result: WARN
LaTeX errors when creating PDF version.
This typically indicates Rd problems.
LaTeX errors found:
! Package inputenc Error: Unicode char รข<c2><80><c2><90> (U+2010)
(inputenc) not set up for use with LaTeX.
See the inputenc package documentation for explanation.
Type H <return> for immediate help.
Flavor: r-oldrel-windows-ix86+x86_64
Version: 0.2.2
Check: PDF version of manual without hyperrefs or index
Result: ERROR
Flavor: r-oldrel-windows-ix86+x86_64