CRAN Package Check Results for Package sna

Last updated on 2019-09-23 19:47:39 CEST.

Flavor Version Tinstall Tcheck Ttotal Status Flags
r-devel-linux-x86_64-debian-clang 2.4 23.80 116.66 140.46 OK
r-devel-linux-x86_64-debian-gcc 2.4 20.08 85.37 105.45 OK
r-devel-linux-x86_64-fedora-clang 2.4 170.16 NOTE
r-devel-linux-x86_64-fedora-gcc 2.4 159.93 NOTE
r-devel-windows-ix86+x86_64 2.4 73.00 168.00 241.00 OK
r-patched-linux-x86_64 2.4 21.65 111.86 133.51 OK
r-patched-solaris-x86 2.4 213.40 OK
r-release-linux-x86_64 2.4 20.03 113.51 133.54 OK
r-release-windows-ix86+x86_64 2.4 58.00 217.00 275.00 OK
r-release-osx-x86_64 2.4 FAIL
r-oldrel-windows-ix86+x86_64 2.4 43.00 155.00 198.00 OK
r-oldrel-osx-x86_64 2.4 OK

Check Details

Version: 2.4
Check: compiled code
Result: NOTE
    File ‘sna/libs/sna.so’:
     Found no calls to: ‘R_registerRoutines’, ‘R_useDynamicSymbols’
    
    It is good practice to register native routines and to disable symbol
    search.
    
    See ‘Writing portable packages’ in the ‘Writing R Extensions’ manual.
Flavors: r-devel-linux-x86_64-fedora-clang, r-devel-linux-x86_64-fedora-gcc

Version: 2.4
Check: dependencies in R code
Result: FAIL
    
Flavor: r-release-osx-x86_64