CRAN Package Check Results for Package sna

Last updated on 2020-07-09 21:48:41 CEST.

Flavor Version Tinstall Tcheck Ttotal Status Flags
r-devel-linux-x86_64-debian-clang 2.5 27.74 129.56 157.30 OK
r-devel-linux-x86_64-debian-gcc 2.5 19.95 94.97 114.92 OK
r-devel-linux-x86_64-fedora-clang 2.5 190.44 OK
r-devel-linux-x86_64-fedora-gcc 2.5 187.93 OK
r-devel-windows-ix86+x86_64 2.5 51.00 185.00 236.00 OK
r-patched-linux-x86_64 2.5 24.88 127.79 152.67 OK
r-patched-solaris-x86 2.5 231.00 OK
r-release-linux-x86_64 2.5 25.97 127.38 153.35 OK
r-release-osx-x86_64 2.5 OK
r-release-windows-ix86+x86_64 2.5 43.00 241.00 284.00 OK
r-oldrel-osx-x86_64 2.5 NOTE
r-oldrel-windows-ix86+x86_64 2.5 61.00 167.00 228.00 OK

Check Details

Version: 2.5
Check: dependencies in R code
Result: NOTE
    No protocol specified
Flavor: r-oldrel-osx-x86_64