CRAN Package Check Results for Package snfa

Last updated on 2025-01-16 00:49:43 CET.

Flavor Version Tinstall Tcheck Ttotal Status Flags
r-devel-linux-x86_64-debian-clang 0.0.1 2.27 35.03 37.30 OK
r-devel-linux-x86_64-debian-gcc 0.0.1 1.83 25.23 27.06 OK
r-devel-linux-x86_64-fedora-clang 0.0.1 63.63 NOTE
r-devel-linux-x86_64-fedora-gcc 0.0.1 58.58 NOTE
r-devel-windows-x86_64 0.0.1 6.00 55.00 61.00 OK
r-patched-linux-x86_64 0.0.1 2.69 33.12 35.81 OK
r-release-linux-x86_64 0.0.1 2.13 33.71 35.84 OK
r-release-macos-arm64 0.0.1 21.00 OK
r-release-macos-x86_64 0.0.1 33.00 OK
r-release-windows-x86_64 0.0.1 5.00 56.00 61.00 OK
r-oldrel-macos-arm64 0.0.1 24.00 OK
r-oldrel-macos-x86_64 0.0.1 33.00 OK
r-oldrel-windows-x86_64 0.0.1 5.00 62.00 67.00 OK

Check Details

Version: 0.0.1
Check: dependencies in R code
Result: NOTE Namespaces in Imports field not imported from: ‘Rdpack’ ‘ggplot2’ All declared Imports should be used. Flavors: r-devel-linux-x86_64-fedora-clang, r-devel-linux-x86_64-fedora-gcc